{"id":11,"date":"2018-05-30T20:18:32","date_gmt":"2018-05-30T20:18:32","guid":{"rendered":"http:\/\/2018.snejbjergsgi.dk\/volleyball\/?page_id=11"},"modified":"2024-11-21T19:06:49","modified_gmt":"2024-11-21T19:06:49","slug":"volleyball","status":"publish","type":"page","link":"https:\/\/snejbjergsgi.dk\/volleyball\/","title":{"rendered":"Volleyball"},"content":{"rendered":"\n<p>Snejbjerg Volleyball tilbyder volleyball p\u00e5 motionsplan for voksne og unge fra 16 \u00e5r. Vi spiller hver mandag aften fra kl. 20-22 i Snejbjerg Hallen &#8211; hal 3, fra f\u00f8rste mandag i september til midt april. Herefter forts\u00e6tter vi udenfor p\u00e5 Snejbjergs beach baner.<br><\/p>\n\n\n\n<p>I vinters\u00e6sonen deltager vi i mix-st\u00e6vner under Midtjysk Volleyforbund <a href=\"https:\/\/mjvb.dk\/?page_id=77118\">(mjvb.dk)<\/a> med 2 hold pr gang, og det er naturligvis frivilligt om man vil deltage i st\u00e6vnerne, vi har l\u00f8bende tilmelding til disse.<br>Se mere p\u00e5 vores facebookside <a href=\"https:\/\/www.facebook.com\/search\/top?q=snejbjerg%20volleyball\" target=\"_blank\" rel=\"noreferrer noopener\">her<\/a><br><\/p>\n\n\n\n<div class=\"wp-block-buttons is-layout-flex wp-block-buttons-is-layout-flex\">\n<div class=\"wp-block-button\"><a class=\"wp-block-button__link has-black-color has-luminous-vivid-orange-background-color has-text-color has-background has-link-color wp-element-button\" href=\"https:\/\/snejbjergsgi.dk\/volleyball\/tilmelding\/\">Tilmeld dig her<\/a><\/div>\n<\/div>\n\n\n\n<p><\/p>\n","protected":false},"excerpt":{"rendered":"<p>Snejbjerg Volleyball tilbyder volleyball p\u00e5 motionsplan for voksne og unge fra 16 \u00e5r. Vi spiller hver mandag aften fra kl. 20-22 i Snejbjerg Hallen &#8211; hal 3, fra f\u00f8rste mandag i september til midt april. Herefter forts\u00e6tter vi udenfor p\u00e5 Snejbjergs beach baner. I vinters\u00e6sonen deltager vi i mix-st\u00e6vner under Midtjysk Volleyforbund (mjvb.dk) med 2 [&hellip;]<\/p>\n","protected":false},"author":2,"featured_media":0,"parent":0,"menu_order":0,"comment_status":"closed","ping_status":"closed","template":"","meta":{"footnotes":""},"class_list":["post-11","page","type-page","status-publish","hentry","post"],"_links":{"self":[{"href":"https:\/\/snejbjergsgi.dk\/volleyball\/wp-json\/wp\/v2\/pages\/11","targetHints":{"allow":["GET"]}}],"collection":[{"href":"https:\/\/snejbjergsgi.dk\/volleyball\/wp-json\/wp\/v2\/pages"}],"about":[{"href":"https:\/\/snejbjergsgi.dk\/volleyball\/wp-json\/wp\/v2\/types\/page"}],"author":[{"embeddable":true,"href":"https:\/\/snejbjergsgi.dk\/volleyball\/wp-json\/wp\/v2\/users\/2"}],"replies":[{"embeddable":true,"href":"https:\/\/snejbjergsgi.dk\/volleyball\/wp-json\/wp\/v2\/comments?post=11"}],"version-history":[{"count":17,"href":"https:\/\/snejbjergsgi.dk\/volleyball\/wp-json\/wp\/v2\/pages\/11\/revisions"}],"predecessor-version":[{"id":101,"href":"https:\/\/snejbjergsgi.dk\/volleyball\/wp-json\/wp\/v2\/pages\/11\/revisions\/101"}],"wp:attachment":[{"href":"https:\/\/snejbjergsgi.dk\/volleyball\/wp-json\/wp\/v2\/media?parent=11"}],"curies":[{"name":"wp","href":"https:\/\/api.w.org\/{rel}","templated":true}]}}