{"id":161,"date":"2019-09-18T19:20:38","date_gmt":"2019-09-18T19:20:38","guid":{"rendered":"http:\/\/168.119.69.83\/~ssgi\/tennis\/?page_id=161"},"modified":"2026-04-13T17:39:12","modified_gmt":"2026-04-13T16:39:12","slug":"medlemsinfo","status":"publish","type":"page","link":"https:\/\/snejbjergsgi.dk\/tennis\/tilmelding\/medlemsinfo\/","title":{"rendered":"Medlemsinfo"},"content":{"rendered":"\n<p><\/p>\n\n\n\n<div class=\"wp-block-group\"><div class=\"wp-block-group__inner-container is-layout-constrained wp-block-group-is-layout-constrained\">\n<p>Tennisbanerne forventes klargjort til brug slut april\/start maj og vi melder ud p\u00e5 vores Facebook Snejbjerg Tennisklub lige s\u00e5 snart, der kan spilles p\u00e5 banerne.<\/p>\n<p>Vi oplevede sidste \u00e5r en s\u00e6son med medlemsfremgang og flot fremm\u00f8de til ungdomstr\u00e6ning \u2013 vi h\u00e5ber at kunne fastholde denne udvikling igen i \u00e5r. Et stabilt medlemsantal er et n\u00f8dvendigt fundament for at have en velfungerende forening.<\/p>\n<p>Som aktivt medlem tilbydes du som tidligere at f\u00e5 samme bane\/tid som sidste s\u00e6son mod rettidig betaling af din og din makkers kontingent senest 1. juni indev\u00e6rende \u00e5r.<\/p>\n<p>Kontingentet indbetales via Conventus under online tilmelding her p\u00e5 siden.<\/p>\n<p><strong>Kontingent 2026<\/strong>:\u00a0<\/p>\n<p><strong>Ungdom til og med 17 \u00e5r\u00a0 \u00a0 \u00a0 \u00a0 \u00a0 \u00a0 \u00a0 \u00a0 \u00a0 \u00a0 \u00a0 \u00a0 \u00a0 \u00a0 \u00a0 \u00a0 \u00a0 \u00a0 500,00 kr.\u00a0<\/strong><\/p>\n<p><strong>Seniorer fra 18 &#8211; 66 \u00e5r\u00a0 \u00a0 \u00a0 \u00a0 \u00a0 \u00a0 \u00a0 \u00a0 \u00a0 \u00a0 \u00a0 \u00a0 \u00a0 \u00a0 \u00a0 \u00a0 \u00a0 \u00a0 \u00a0 \u00a0 \u00a0 750,00 kr.<\/strong><\/p>\n<p><strong>Pensionister fra 67 \u00e5r\u00a0 \u00a0 \u00a0 \u00a0 \u00a0 \u00a0 \u00a0 \u00a0 \u00a0 \u00a0 \u00a0 \u00a0 \u00a0 \u00a0 \u00a0 \u00a0 \u00a0 \u00a0 \u00a0 \u00a0 \u00a0 \u00a0600,00 kr.<\/strong><\/p>\n<p><strong>Familiemedlemsskab\u00a0 \u00a0 \u00a0 \u00a0 \u00a0 \u00a0 \u00a0 \u00a0 \u00a0 \u00a0 \u00a0 \u00a0 \u00a0 \u00a0 \u00a0 \u00a0 \u00a0 \u00a0 \u00a0 \u00a0 \u00a01.200,00 kr.<\/strong><\/p>\n<p><strong>Tilbud til ikke-medlemmer i 2024 og 2025\u00a0 \u00a0 \u00a0 \u00a0 \u00a0200,00 kr.<\/strong><\/p>\n<h3><strong>Vigtig info til alle brugere af tennisbanerne:<\/strong><\/h3>\n<p><em><strong>Betalende medlemmer kan medtage g\u00e6ster p\u00e5 anl\u00e6gget mod betaling af kr. 50,00 pr. spillende g\u00e6st p\u00e5 MobilePay 26128688.<\/strong><\/em><\/p>\n<p><strong>Der tilbydes tr\u00e6ning med Torben Wad torsdag fra kl. 16:30-17:30 eller <\/strong><strong>kl. 17:45-18:45.<\/strong><\/p>\n<p>Tr\u00e6ningen forts\u00e6tter frem til skolernes sommerferie og igen fra august. Tr\u00e6ningen afholdes i henhold til vejret, da vi jo spiller under \u00e5ben himmel. Tr\u00e6ningen er gratis for medlemmer af klubben<\/p>\n<p>Der vil blive informeret om arrangementer p\u00e5 Facebook og opslag i klubhuset.<\/p>\n<p>Der er mulighed for at l\u00e5ne ketcher til tr\u00e6ning for ungdom.<\/p>\n<p><strong>VEL M\u00d8DT TIL EN GOD TENNISS\u00c6SON<\/strong><\/p>\n<p>Bestyrelsen<\/p>\n<p><span style=\"font-weight: 400\">Vi kontaktes p\u00e5 mail: <\/span><span style=\"font-weight: 400\">tennis@snejbjergsgi.dk\u00a0<\/span><\/p>\n<\/div><\/div>\n","protected":false},"excerpt":{"rendered":"<p>Tennisbanerne forventes klargjort til brug slut april\/start maj og vi melder ud p\u00e5 vores Facebook Snejbjerg Tennisklub lige s\u00e5 snart, der kan spilles p\u00e5 banerne. Vi oplevede sidste \u00e5r en s\u00e6son med medlemsfremgang og flot fremm\u00f8de til ungdomstr\u00e6ning \u2013 vi h\u00e5ber at kunne fastholde denne udvikling igen i \u00e5r. Et stabilt medlemsantal er et n\u00f8dvendigt [&hellip;]<\/p>\n","protected":false},"author":2,"featured_media":0,"parent":15,"menu_order":0,"comment_status":"closed","ping_status":"closed","template":"","meta":{"footnotes":""},"class_list":["post-161","page","type-page","status-publish","hentry","post"],"_links":{"self":[{"href":"https:\/\/snejbjergsgi.dk\/tennis\/wp-json\/wp\/v2\/pages\/161","targetHints":{"allow":["GET"]}}],"collection":[{"href":"https:\/\/snejbjergsgi.dk\/tennis\/wp-json\/wp\/v2\/pages"}],"about":[{"href":"https:\/\/snejbjergsgi.dk\/tennis\/wp-json\/wp\/v2\/types\/page"}],"author":[{"embeddable":true,"href":"https:\/\/snejbjergsgi.dk\/tennis\/wp-json\/wp\/v2\/users\/2"}],"replies":[{"embeddable":true,"href":"https:\/\/snejbjergsgi.dk\/tennis\/wp-json\/wp\/v2\/comments?post=161"}],"version-history":[{"count":34,"href":"https:\/\/snejbjergsgi.dk\/tennis\/wp-json\/wp\/v2\/pages\/161\/revisions"}],"predecessor-version":[{"id":479,"href":"https:\/\/snejbjergsgi.dk\/tennis\/wp-json\/wp\/v2\/pages\/161\/revisions\/479"}],"up":[{"embeddable":true,"href":"https:\/\/snejbjergsgi.dk\/tennis\/wp-json\/wp\/v2\/pages\/15"}],"wp:attachment":[{"href":"https:\/\/snejbjergsgi.dk\/tennis\/wp-json\/wp\/v2\/media?parent=161"}],"curies":[{"name":"wp","href":"https:\/\/api.w.org\/{rel}","templated":true}]}}