{"id":25,"date":"2019-07-03T09:54:18","date_gmt":"2019-07-03T07:54:18","guid":{"rendered":"http:\/\/168.119.69.83\/~ssgi\/stoetteforeningen\/?page_id=25"},"modified":"2021-09-29T09:36:52","modified_gmt":"2021-09-29T07:36:52","slug":"medlemskontingent","status":"publish","type":"page","link":"https:\/\/snejbjergsgi.dk\/stoetteforeningen\/medlemskontingent\/","title":{"rendered":"Medlemskontingent"},"content":{"rendered":"<h2>Medlemskontingent<\/h2>\n<p><i>St\u00f8tteforeningen for Snejbjerg idr\u00e6tten<br \/>\n<\/i><\/p>\n<table border=\"2\">\n<tbody>\n<tr>\n<td><b>\u00a0F<\/b><strong>orny dit medlemskab eller tegne et medlemsskab<\/strong>Et \u00e5rskontingent udg\u00f8r \u00a0kun 75 kr.<\/p>\n<p>Du er herved med til at bakke op om det store frivillige arbejde, der ydes i Snejbjerg.<\/p>\n<p>Betal dit kontingentet via<\/p>\n<p>Netbank:\u00a0<strong>Bankkonto: reg. nr.\u00a09108\u00a0\u00a0kontonr.\u00a03725707<\/strong><\/p>\n<p>Mobile pay: 53797<\/p>\n<p>Ved betaling bedes I anf\u00f8re jeres navn og adresse.<\/p>\n<p><b>P\u00e5 forh\u00e5nd tak.<\/b><\/p>\n<p>Bestyrelsen i St\u00f8tteforeningen for Snejbjerg Idr\u00e6tten<\/p>\n<div><\/div>\n<\/td>\n<\/tr>\n<\/tbody>\n<\/table>\n","protected":false},"excerpt":{"rendered":"<p>Medlemskontingent St\u00f8tteforeningen for Snejbjerg idr\u00e6tten \u00a0Forny dit medlemskab eller tegne et medlemsskabEt \u00e5rskontingent udg\u00f8r \u00a0kun 75 kr. Du er herved med til at bakke op om det store frivillige arbejde, der ydes i Snejbjerg. Betal dit kontingentet via Netbank:\u00a0Bankkonto: reg. nr.\u00a09108\u00a0\u00a0kontonr.\u00a03725707 Mobile pay: 53797 Ved betaling bedes I anf\u00f8re jeres navn og adresse. P\u00e5 forh\u00e5nd [&hellip;]<\/p>\n","protected":false},"author":3,"featured_media":0,"parent":0,"menu_order":0,"comment_status":"closed","ping_status":"closed","template":"","meta":{"footnotes":""},"class_list":["post-25","page","type-page","status-publish","hentry","post"],"_links":{"self":[{"href":"https:\/\/snejbjergsgi.dk\/stoetteforeningen\/wp-json\/wp\/v2\/pages\/25","targetHints":{"allow":["GET"]}}],"collection":[{"href":"https:\/\/snejbjergsgi.dk\/stoetteforeningen\/wp-json\/wp\/v2\/pages"}],"about":[{"href":"https:\/\/snejbjergsgi.dk\/stoetteforeningen\/wp-json\/wp\/v2\/types\/page"}],"author":[{"embeddable":true,"href":"https:\/\/snejbjergsgi.dk\/stoetteforeningen\/wp-json\/wp\/v2\/users\/3"}],"replies":[{"embeddable":true,"href":"https:\/\/snejbjergsgi.dk\/stoetteforeningen\/wp-json\/wp\/v2\/comments?post=25"}],"version-history":[{"count":3,"href":"https:\/\/snejbjergsgi.dk\/stoetteforeningen\/wp-json\/wp\/v2\/pages\/25\/revisions"}],"predecessor-version":[{"id":60,"href":"https:\/\/snejbjergsgi.dk\/stoetteforeningen\/wp-json\/wp\/v2\/pages\/25\/revisions\/60"}],"wp:attachment":[{"href":"https:\/\/snejbjergsgi.dk\/stoetteforeningen\/wp-json\/wp\/v2\/media?parent=25"}],"curies":[{"name":"wp","href":"https:\/\/api.w.org\/{rel}","templated":true}]}}