{"id":35,"date":"2018-08-07T17:57:44","date_gmt":"2018-08-07T17:57:44","guid":{"rendered":"http:\/\/2018.snejbjergsgi.dk\/motion\/?page_id=35"},"modified":"2022-03-07T07:59:32","modified_gmt":"2022-03-07T06:59:32","slug":"bestyrelsen","status":"publish","type":"page","link":"https:\/\/snejbjergsgi.dk\/motion\/kontakt\/bestyrelsen\/","title":{"rendered":"Bestyrelsen"},"content":{"rendered":"<h4>Snejbjerg motion er pt. Uden en bestyrelse.<\/h4>\n<p>Men l\u00f8be- og g\u00e5 holdene er aktive, og m\u00f8des fortsat p\u00e5 Engbjerg skolen, om mandagen kl. 18.00 og om torsdagen kl. 17.00.<\/p>\n<p>Har du sp\u00f8rgsm\u00e5l, s\u00e5 pr\u00f8v at sl\u00e5 dem op p\u00e5 Facebooksiden, som stadig er aktiv<\/p>\n","protected":false},"excerpt":{"rendered":"<p>Snejbjerg motion er pt. Uden en bestyrelse. Men l\u00f8be- og g\u00e5 holdene er aktive, og m\u00f8des fortsat p\u00e5 Engbjerg skolen, om mandagen kl. 18.00 og om torsdagen kl. 17.00. Har du sp\u00f8rgsm\u00e5l, s\u00e5 pr\u00f8v at sl\u00e5 dem op p\u00e5 Facebooksiden, som stadig er aktiv<\/p>\n","protected":false},"author":17,"featured_media":0,"parent":13,"menu_order":0,"comment_status":"closed","ping_status":"closed","template":"","meta":{"footnotes":""},"class_list":["post-35","page","type-page","status-publish","hentry","post"],"_links":{"self":[{"href":"https:\/\/snejbjergsgi.dk\/motion\/wp-json\/wp\/v2\/pages\/35","targetHints":{"allow":["GET"]}}],"collection":[{"href":"https:\/\/snejbjergsgi.dk\/motion\/wp-json\/wp\/v2\/pages"}],"about":[{"href":"https:\/\/snejbjergsgi.dk\/motion\/wp-json\/wp\/v2\/types\/page"}],"author":[{"embeddable":true,"href":"https:\/\/snejbjergsgi.dk\/motion\/wp-json\/wp\/v2\/users\/17"}],"replies":[{"embeddable":true,"href":"https:\/\/snejbjergsgi.dk\/motion\/wp-json\/wp\/v2\/comments?post=35"}],"version-history":[{"count":9,"href":"https:\/\/snejbjergsgi.dk\/motion\/wp-json\/wp\/v2\/pages\/35\/revisions"}],"predecessor-version":[{"id":12996,"href":"https:\/\/snejbjergsgi.dk\/motion\/wp-json\/wp\/v2\/pages\/35\/revisions\/12996"}],"up":[{"embeddable":true,"href":"https:\/\/snejbjergsgi.dk\/motion\/wp-json\/wp\/v2\/pages\/13"}],"wp:attachment":[{"href":"https:\/\/snejbjergsgi.dk\/motion\/wp-json\/wp\/v2\/media?parent=35"}],"curies":[{"name":"wp","href":"https:\/\/api.w.org\/{rel}","templated":true}]}}