{"id":46,"date":"2019-10-14T22:31:29","date_gmt":"2019-10-14T20:31:29","guid":{"rendered":"http:\/\/168.119.69.83\/~ssgi\/midt24-dk\/?page_id=46"},"modified":"2023-06-26T21:57:14","modified_gmt":"2023-06-26T19:57:14","slug":"praktisk-info","status":"publish","type":"page","link":"https:\/\/snejbjergsgi.dk\/midt24-dk\/praktisk-info\/","title":{"rendered":"Praktisk info"},"content":{"rendered":"<p>Der er mulighed for omkl\u00e6dning og bad i Snejbjerg Hallen<\/p>\n<p>Der er der mulighed for overnatning og hvile i Snejbjerg Hallen efter l\u00f8bet. Hallen vil v\u00e6re \u00e5ben fra fredag aften kl. 18.00 til kl. 15.00 s\u00f8ndag, men du skal selv s\u00f8rge for madras\/liggeunderlag, sovepose mv.<\/p>\n<p>Oversigt over startomr\u00e5det ved Snejbjerg Hallen:<\/p>\n<p><img loading=\"lazy\" decoding=\"async\" class=\"alignnone  wp-image-1029\" src=\"https:\/\/snejbjergsgi.dk\/midt24-dk\/wp-content\/uploads\/sites\/20\/2023\/05\/Kort-Hallen-2023.png\" alt=\"\" width=\"518\" height=\"276\" srcset=\"https:\/\/snejbjergsgi.dk\/midt24-dk\/wp-content\/uploads\/sites\/20\/2023\/05\/Kort-Hallen-2023.png 1180w, https:\/\/snejbjergsgi.dk\/midt24-dk\/wp-content\/uploads\/sites\/20\/2023\/05\/Kort-Hallen-2023-300x160.png 300w, https:\/\/snejbjergsgi.dk\/midt24-dk\/wp-content\/uploads\/sites\/20\/2023\/05\/Kort-Hallen-2023-1024x546.png 1024w, https:\/\/snejbjergsgi.dk\/midt24-dk\/wp-content\/uploads\/sites\/20\/2023\/05\/Kort-Hallen-2023-768x409.png 768w\" sizes=\"auto, (max-width: 518px) 100vw, 518px\" \/><\/p>\n<p>Camping:<\/p>\n<p>Der kan camperes med campingvogn (uden el og vand) og telt p\u00e5 de anviste steder p\u00e5 oversigten nedenfor. Pladserne er tilg\u00e6ngelige fra fredag kl. 16.00 til s\u00f8ndag kl. 15.00.<\/p>\n<p>Kontakt campingansvarlig p\u00e5 tlf. 2264 6609 f\u00f8r du sl\u00e5r lejr.<\/p>\n<p>For campingvogne vil opstilling v\u00e6re p\u00e5 asfalt\/flise omr\u00e5de. Hvis du \u00f8nsker at opstille fortelt, skal du kontakte campingansvarlig.<\/p>\n<p><img loading=\"lazy\" decoding=\"async\" class=\"alignnone  wp-image-1030\" src=\"https:\/\/snejbjergsgi.dk\/midt24-dk\/wp-content\/uploads\/sites\/20\/2023\/05\/Kort-Camping_2023.png\" alt=\"\" width=\"286\" height=\"267\" srcset=\"https:\/\/snejbjergsgi.dk\/midt24-dk\/wp-content\/uploads\/sites\/20\/2023\/05\/Kort-Camping_2023.png 797w, https:\/\/snejbjergsgi.dk\/midt24-dk\/wp-content\/uploads\/sites\/20\/2023\/05\/Kort-Camping_2023-300x280.png 300w, https:\/\/snejbjergsgi.dk\/midt24-dk\/wp-content\/uploads\/sites\/20\/2023\/05\/Kort-Camping_2023-768x717.png 768w\" sizes=\"auto, (max-width: 286px) 100vw, 286px\" \/><\/p>\n<p>Parkering: Se de anviste omr\u00e5der nedenfor.<\/p>\n<p><img loading=\"lazy\" decoding=\"async\" class=\"alignnone  wp-image-222\" src=\"https:\/\/snejbjergsgi.dk\/midt24-dk\/wp-content\/uploads\/sites\/20\/2019\/11\/Kort-parkering.jpg\" alt=\"\" width=\"301\" height=\"264\" srcset=\"https:\/\/snejbjergsgi.dk\/midt24-dk\/wp-content\/uploads\/sites\/20\/2019\/11\/Kort-parkering.jpg 627w, https:\/\/snejbjergsgi.dk\/midt24-dk\/wp-content\/uploads\/sites\/20\/2019\/11\/Kort-parkering-300x263.jpg 300w\" sizes=\"auto, (max-width: 301px) 100vw, 301px\" \/><\/p>\n<p>Dropzone: Se de anviste omr\u00e5der nedenfor.<\/p>\n<p><img loading=\"lazy\" decoding=\"async\" class=\"alignnone  wp-image-220\" src=\"https:\/\/snejbjergsgi.dk\/midt24-dk\/wp-content\/uploads\/sites\/20\/2019\/11\/Kort-dropzone.jpg\" alt=\"\" width=\"312\" height=\"245\" srcset=\"https:\/\/snejbjergsgi.dk\/midt24-dk\/wp-content\/uploads\/sites\/20\/2019\/11\/Kort-dropzone.jpg 851w, https:\/\/snejbjergsgi.dk\/midt24-dk\/wp-content\/uploads\/sites\/20\/2019\/11\/Kort-dropzone-300x236.jpg 300w, https:\/\/snejbjergsgi.dk\/midt24-dk\/wp-content\/uploads\/sites\/20\/2019\/11\/Kort-dropzone-768x604.jpg 768w\" sizes=\"auto, (max-width: 312px) 100vw, 312px\" \/><\/p>\n","protected":false},"excerpt":{"rendered":"<p>Der er mulighed for omkl\u00e6dning og bad i Snejbjerg Hallen Der er der mulighed for overnatning og hvile i Snejbjerg Hallen efter l\u00f8bet. Hallen vil v\u00e6re \u00e5ben fra fredag aften kl. 18.00 til kl. 15.00 s\u00f8ndag, men du skal selv s\u00f8rge for madras\/liggeunderlag, sovepose mv. Oversigt over startomr\u00e5det ved Snejbjerg Hallen: Camping: Der kan camperes [&hellip;]<\/p>\n","protected":false},"author":11,"featured_media":0,"parent":0,"menu_order":0,"comment_status":"closed","ping_status":"closed","template":"","meta":{"footnotes":""},"class_list":["post-46","page","type-page","status-publish","hentry","post"],"_links":{"self":[{"href":"https:\/\/snejbjergsgi.dk\/midt24-dk\/wp-json\/wp\/v2\/pages\/46","targetHints":{"allow":["GET"]}}],"collection":[{"href":"https:\/\/snejbjergsgi.dk\/midt24-dk\/wp-json\/wp\/v2\/pages"}],"about":[{"href":"https:\/\/snejbjergsgi.dk\/midt24-dk\/wp-json\/wp\/v2\/types\/page"}],"author":[{"embeddable":true,"href":"https:\/\/snejbjergsgi.dk\/midt24-dk\/wp-json\/wp\/v2\/users\/11"}],"replies":[{"embeddable":true,"href":"https:\/\/snejbjergsgi.dk\/midt24-dk\/wp-json\/wp\/v2\/comments?post=46"}],"version-history":[{"count":13,"href":"https:\/\/snejbjergsgi.dk\/midt24-dk\/wp-json\/wp\/v2\/pages\/46\/revisions"}],"predecessor-version":[{"id":1124,"href":"https:\/\/snejbjergsgi.dk\/midt24-dk\/wp-json\/wp\/v2\/pages\/46\/revisions\/1124"}],"wp:attachment":[{"href":"https:\/\/snejbjergsgi.dk\/midt24-dk\/wp-json\/wp\/v2\/media?parent=46"}],"curies":[{"name":"wp","href":"https:\/\/api.w.org\/{rel}","templated":true}]}}