{"id":38,"date":"2019-10-14T22:29:42","date_gmt":"2019-10-14T20:29:42","guid":{"rendered":"http:\/\/168.119.69.83\/~ssgi\/midt24-dk\/?page_id=38"},"modified":"2023-06-26T21:53:56","modified_gmt":"2023-06-26T19:53:56","slug":"foer-loebet","status":"publish","type":"page","link":"https:\/\/snejbjergsgi.dk\/midt24-dk\/om-loebet\/foer-loebet\/","title":{"rendered":"F\u00f8r l\u00f8bet"},"content":{"rendered":"<p><strong>Udlevering<\/strong> af pose med f\u00f8lgende:<\/p>\n<ul>\n<li>Tidtagningschip til montering p\u00e5 anklen (se vejledning)<\/li>\n<li>Label til montering p\u00e5 sadelr\u00f8ret (se vejledning)<\/li>\n<li>Spisearmb\u00e5nd til tilskuere bestilt ved tilmelding<\/li>\n<\/ul>\n<p>Posen udleveres fredag kl. 20.00 \u2013 21.00, eller l\u00f8rdag kl. 08.00&nbsp; &#8211; 09.00.<\/p>\n<p>Hvis du kommer for sent, kan du f\u00e5 udleveret posen umiddelbart efter den ordin\u00e6re start.<\/p>\n<p><strong>Start<\/strong><\/p>\n<p>Du skal v\u00e6re klar til start kl. 09.50 p\u00e5 de anviste steder.<\/p>\n<p>Der er samlet start kl. 10.00, &#8211; tricykler forrest.<\/p>\n","protected":false},"excerpt":{"rendered":"<p>Udlevering af pose med f\u00f8lgende: Tidtagningschip til montering p\u00e5 anklen (se vejledning) Label til montering p\u00e5 sadelr\u00f8ret (se vejledning) Spisearmb\u00e5nd til tilskuere bestilt ved tilmelding Posen udleveres fredag kl. 20.00 \u2013 21.00, eller l\u00f8rdag kl. 08.00&nbsp; &#8211; 09.00. Hvis du kommer for sent, kan du f\u00e5 udleveret posen umiddelbart efter den ordin\u00e6re start. Start Du [&hellip;]<\/p>\n","protected":false},"author":11,"featured_media":0,"parent":30,"menu_order":0,"comment_status":"closed","ping_status":"closed","template":"","meta":{"footnotes":""},"class_list":["post-38","page","type-page","status-publish","hentry","post"],"_links":{"self":[{"href":"https:\/\/snejbjergsgi.dk\/midt24-dk\/wp-json\/wp\/v2\/pages\/38","targetHints":{"allow":["GET"]}}],"collection":[{"href":"https:\/\/snejbjergsgi.dk\/midt24-dk\/wp-json\/wp\/v2\/pages"}],"about":[{"href":"https:\/\/snejbjergsgi.dk\/midt24-dk\/wp-json\/wp\/v2\/types\/page"}],"author":[{"embeddable":true,"href":"https:\/\/snejbjergsgi.dk\/midt24-dk\/wp-json\/wp\/v2\/users\/11"}],"replies":[{"embeddable":true,"href":"https:\/\/snejbjergsgi.dk\/midt24-dk\/wp-json\/wp\/v2\/comments?post=38"}],"version-history":[{"count":11,"href":"https:\/\/snejbjergsgi.dk\/midt24-dk\/wp-json\/wp\/v2\/pages\/38\/revisions"}],"predecessor-version":[{"id":992,"href":"https:\/\/snejbjergsgi.dk\/midt24-dk\/wp-json\/wp\/v2\/pages\/38\/revisions\/992"}],"up":[{"embeddable":true,"href":"https:\/\/snejbjergsgi.dk\/midt24-dk\/wp-json\/wp\/v2\/pages\/30"}],"wp:attachment":[{"href":"https:\/\/snejbjergsgi.dk\/midt24-dk\/wp-json\/wp\/v2\/media?parent=38"}],"curies":[{"name":"wp","href":"https:\/\/api.w.org\/{rel}","templated":true}]}}