{"id":15,"date":"2018-05-29T20:26:57","date_gmt":"2018-05-29T20:26:57","guid":{"rendered":"http:\/\/2018.snejbjergsgi.dk\/handbold\/?page_id=15"},"modified":"2018-08-26T15:29:41","modified_gmt":"2018-08-26T15:29:41","slug":"tilmelding","status":"publish","type":"page","link":"https:\/\/snejbjergsgi.dk\/handbold\/tilmelding\/","title":{"rendered":"Tilmelding"},"content":{"rendered":"<p>Her kan du tilmelde dig online. Hold musen over Tilmelding og klik Online-tilmelding. Derefter find det \u00f8nskede hold\/aktivitet og f\u00f8lg vedledningen.<\/p>\n<p>Har du sp\u00f8rgsm\u00e5l til online-tilmeldingen, kan du kontakte kassereren eller sende en e-mail til <a href=\"mailto:kasserer@snejbjerghaandbold.dk\">kasserer@snejbjerghaandbold.dk<\/a>.<\/p>\n<p>&nbsp;<\/p>\n\n","protected":false},"excerpt":{"rendered":"<p>Her kan du tilmelde dig online. Hold musen over Tilmelding og klik Online-tilmelding. Derefter find det \u00f8nskede hold\/aktivitet og f\u00f8lg vedledningen. Har du sp\u00f8rgsm\u00e5l til online-tilmeldingen, kan du kontakte kassereren eller sende en e-mail til kasserer@snejbjerghaandbold.dk. &nbsp;<\/p>\n","protected":false},"author":2,"featured_media":0,"parent":0,"menu_order":0,"comment_status":"closed","ping_status":"closed","template":"","meta":{"footnotes":""},"class_list":["post-15","page","type-page","status-publish","hentry","post"],"_links":{"self":[{"href":"https:\/\/snejbjergsgi.dk\/handbold\/wp-json\/wp\/v2\/pages\/15","targetHints":{"allow":["GET"]}}],"collection":[{"href":"https:\/\/snejbjergsgi.dk\/handbold\/wp-json\/wp\/v2\/pages"}],"about":[{"href":"https:\/\/snejbjergsgi.dk\/handbold\/wp-json\/wp\/v2\/types\/page"}],"author":[{"embeddable":true,"href":"https:\/\/snejbjergsgi.dk\/handbold\/wp-json\/wp\/v2\/users\/2"}],"replies":[{"embeddable":true,"href":"https:\/\/snejbjergsgi.dk\/handbold\/wp-json\/wp\/v2\/comments?post=15"}],"version-history":[{"count":7,"href":"https:\/\/snejbjergsgi.dk\/handbold\/wp-json\/wp\/v2\/pages\/15\/revisions"}],"predecessor-version":[{"id":210,"href":"https:\/\/snejbjergsgi.dk\/handbold\/wp-json\/wp\/v2\/pages\/15\/revisions\/210"}],"wp:attachment":[{"href":"https:\/\/snejbjergsgi.dk\/handbold\/wp-json\/wp\/v2\/media?parent=15"}],"curies":[{"name":"wp","href":"https:\/\/api.w.org\/{rel}","templated":true}]}}