{"id":13,"date":"2018-05-29T20:26:41","date_gmt":"2018-05-29T20:26:41","guid":{"rendered":"http:\/\/2018.snejbjergsgi.dk\/handbold\/?page_id=13"},"modified":"2021-09-04T11:04:16","modified_gmt":"2021-09-04T11:04:16","slug":"kontakt","status":"publish","type":"page","link":"https:\/\/snejbjergsgi.dk\/handbold\/kontakt\/","title":{"rendered":"Kontakt"},"content":{"rendered":"<p>Her finder du informationer om Snejbjerg H\u00e5ndbolds organisation og forskellige udvalg.<\/p>\n<p>Kontaktdata i venstre menuen er\u00a0udtrukket fra Snejbjerg H\u00e5ndbolds administrationssystem Conventus.<\/p>\n<p><strong>Organisation<\/strong><\/p>\n<p>H\u00e5ndboldafdelingen er organiseret med st\u00e5ende udvalg udpeget af bestyrelsen.<\/p>\n<p><strong>Oplysninger til faktureringer m.v.<\/strong><\/p>\n<p>Faktura og betalingsanvisninger til Snejbjerg H\u00e5ndbold kan fremsendes til:<\/p>\n<p>Snejbjerg SG&amp;I \u2013 h\u00e5ndboldafdelingen<br \/>\nMaiuri Selvaratnam<br \/>\nG\u00f8dstrupvej 62, Snejbjerg<br \/>\n7400 Herning<\/p>\n<p>CVR-nr. 11 77 01 93<br \/>\nE-mail: kasserer@snejbjerghaandbold.dk<\/p>\n","protected":false},"excerpt":{"rendered":"<p>Her finder du informationer om Snejbjerg H\u00e5ndbolds organisation og forskellige udvalg. Kontaktdata i venstre menuen er\u00a0udtrukket fra Snejbjerg H\u00e5ndbolds administrationssystem Conventus. Organisation H\u00e5ndboldafdelingen er organiseret med st\u00e5ende udvalg udpeget af bestyrelsen. Oplysninger til faktureringer m.v. Faktura og betalingsanvisninger til Snejbjerg H\u00e5ndbold kan fremsendes til: Snejbjerg SG&amp;I \u2013 h\u00e5ndboldafdelingen Maiuri Selvaratnam G\u00f8dstrupvej 62, Snejbjerg 7400 Herning [&hellip;]<\/p>\n","protected":false},"author":2,"featured_media":0,"parent":0,"menu_order":0,"comment_status":"closed","ping_status":"closed","template":"","meta":{"footnotes":""},"class_list":["post-13","page","type-page","status-publish","hentry","post"],"_links":{"self":[{"href":"https:\/\/snejbjergsgi.dk\/handbold\/wp-json\/wp\/v2\/pages\/13","targetHints":{"allow":["GET"]}}],"collection":[{"href":"https:\/\/snejbjergsgi.dk\/handbold\/wp-json\/wp\/v2\/pages"}],"about":[{"href":"https:\/\/snejbjergsgi.dk\/handbold\/wp-json\/wp\/v2\/types\/page"}],"author":[{"embeddable":true,"href":"https:\/\/snejbjergsgi.dk\/handbold\/wp-json\/wp\/v2\/users\/2"}],"replies":[{"embeddable":true,"href":"https:\/\/snejbjergsgi.dk\/handbold\/wp-json\/wp\/v2\/comments?post=13"}],"version-history":[{"count":7,"href":"https:\/\/snejbjergsgi.dk\/handbold\/wp-json\/wp\/v2\/pages\/13\/revisions"}],"predecessor-version":[{"id":456,"href":"https:\/\/snejbjergsgi.dk\/handbold\/wp-json\/wp\/v2\/pages\/13\/revisions\/456"}],"wp:attachment":[{"href":"https:\/\/snejbjergsgi.dk\/handbold\/wp-json\/wp\/v2\/media?parent=13"}],"curies":[{"name":"wp","href":"https:\/\/api.w.org\/{rel}","templated":true}]}}