{"id":127,"date":"2018-08-15T21:02:46","date_gmt":"2018-08-15T21:02:46","guid":{"rendered":"http:\/\/2018.snejbjergsgi.dk\/handbold\/?page_id=127"},"modified":"2018-08-15T21:02:46","modified_gmt":"2018-08-15T21:02:46","slug":"god-opfoersel-for-boern","status":"publish","type":"page","link":"https:\/\/snejbjergsgi.dk\/handbold\/praktisk-info\/oevrige-informationer\/god-opfoersel-for-boern\/","title":{"rendered":"God opf\u00f8rsel for b\u00f8rn"},"content":{"rendered":"<p>Snejbjerg H\u00e5ndbold har udarbejdet sin forst\u00e5else af\u00a0god opf\u00f8rsel bl.a. for b\u00f8rn.<\/p>\n<p>Idr\u00e6t for b\u00f8rn skal v\u00e6re en forn\u00f8jelse og derfor kan nogle f\u00e5 retningslinjer for god opf\u00f8rsel v\u00e6re p\u00e5 sin plads.<\/p>\n<p>God b\u00f8rne- og ungdomsidr\u00e6t er kendetegnet ved, at ud\u00f8vere trives, at flest muligt \u00f8nsker at deltage, at ud\u00f8vere udvikler sig fysisk, psykisk og socialt, at opl\u00e6ringen er tilpasset ud\u00f8verens alder, udvikling og behov, at ud\u00f8veren oplever mestring og fremgang gennem individuel vejledning og opmuntring, og at tr\u00e6ningen er legebetonet.<\/p>\n<p>Det overordnede m\u00e5l med b\u00f8rne- og ungdomsidr\u00e6tten er at give ud\u00f8veren mulighed for alsidig udvikling og for at mestre forskellige f\u00e6rdigheder for s\u00e5 i teenage\u00e5rene eventuelt at specialisere sig. S\u00e5ledes kan grundlaget l\u00e6gges for en varig lyst til at dyrke idr\u00e6t og fysisk aktivitet. Pr\u00e6station m\u00e5 ikke prioriteres foran l\u00e6ring.<\/p>\n<p>Men b\u00f8rne- og ungdomsidr\u00e6tten realiseres slet ikke altid i henhold til disse idealer. Voksne kan have ambitioner og opstille m\u00e5l uafh\u00e6ngigt af ud\u00f8verens egne pr\u00e6misser. Tidlig specialisering, tr\u00e6ning og h\u00e5rd konkurrenceorientering kan forstyrre ud\u00f8verens udvikling b\u00e5de fysisk, psykisk, socialt og moralsk. B\u00f8rne- og ungdomsidr\u00e6tten kr\u00e6ver tr\u00e6nere med solid kompetence og v\u00e6rdiforankring.<\/p>\n<p>De f\u00f8lgende normer henviser til handlinger og holdninger, som kendetegner den gode b\u00f8rne- og ungdomsidr\u00e6t.<\/p>\n<p>God opf\u00f8rsel for b\u00f8rn op til 15 \u00e5r:<\/p>\n<ul>\n<li>G\u00f8r altid dit bedste!<\/li>\n<li>Overhold idr\u00e6ttens regler og normerne for fair play i din idr\u00e6tsgren!<\/li>\n<li>Deltag i idr\u00e6t for din forn\u00f8jelses skyld, ikke fordi du skal behage dine for\u00e6ldre eller tr\u00e6nere!<\/li>\n<li>Vis respekt over for alle ud\u00f8vere, b\u00e5de medspillere og konkurrenter!<\/li>\n<li>Lad v\u00e6re med at diskutere med dommere eller andre officials!<\/li>\n<li>Vis respekt og v\u00e6r \u00e5ben og \u00e6rlig i forhold til de tr\u00e6nere og ledere, som har ansvar for dig!<\/li>\n<li>Undlad h\u00e5nende eller nedladende tilr\u00e5b til eller udtalelser om medspillere og konkurrenter, dommere, andre officials, tr\u00e6nere eller ledere!<\/li>\n<li>Opf\u00f8r dig over for andre, som du selv gerne vil have, at de opf\u00f8rer sig over for dig!<\/li>\n<\/ul>\n<p>&nbsp;<\/p>\n","protected":false},"excerpt":{"rendered":"<p>Snejbjerg H\u00e5ndbold har udarbejdet sin forst\u00e5else af\u00a0god opf\u00f8rsel bl.a. for b\u00f8rn. Idr\u00e6t for b\u00f8rn skal v\u00e6re en forn\u00f8jelse og derfor kan nogle f\u00e5 retningslinjer for god opf\u00f8rsel v\u00e6re p\u00e5 sin plads. God b\u00f8rne- og ungdomsidr\u00e6t er kendetegnet ved, at ud\u00f8vere trives, at flest muligt \u00f8nsker at deltage, at ud\u00f8vere udvikler sig fysisk, psykisk og socialt, [&hellip;]<\/p>\n","protected":false},"author":13,"featured_media":0,"parent":94,"menu_order":0,"comment_status":"closed","ping_status":"closed","template":"","meta":{"footnotes":""},"class_list":["post-127","page","type-page","status-publish","hentry","post"],"_links":{"self":[{"href":"https:\/\/snejbjergsgi.dk\/handbold\/wp-json\/wp\/v2\/pages\/127","targetHints":{"allow":["GET"]}}],"collection":[{"href":"https:\/\/snejbjergsgi.dk\/handbold\/wp-json\/wp\/v2\/pages"}],"about":[{"href":"https:\/\/snejbjergsgi.dk\/handbold\/wp-json\/wp\/v2\/types\/page"}],"author":[{"embeddable":true,"href":"https:\/\/snejbjergsgi.dk\/handbold\/wp-json\/wp\/v2\/users\/13"}],"replies":[{"embeddable":true,"href":"https:\/\/snejbjergsgi.dk\/handbold\/wp-json\/wp\/v2\/comments?post=127"}],"version-history":[{"count":1,"href":"https:\/\/snejbjergsgi.dk\/handbold\/wp-json\/wp\/v2\/pages\/127\/revisions"}],"predecessor-version":[{"id":128,"href":"https:\/\/snejbjergsgi.dk\/handbold\/wp-json\/wp\/v2\/pages\/127\/revisions\/128"}],"up":[{"embeddable":true,"href":"https:\/\/snejbjergsgi.dk\/handbold\/wp-json\/wp\/v2\/pages\/94"}],"wp:attachment":[{"href":"https:\/\/snejbjergsgi.dk\/handbold\/wp-json\/wp\/v2\/media?parent=127"}],"curies":[{"name":"wp","href":"https:\/\/api.w.org\/{rel}","templated":true}]}}