{"id":111,"date":"2018-08-15T20:55:13","date_gmt":"2018-08-15T20:55:13","guid":{"rendered":"http:\/\/2018.snejbjergsgi.dk\/handbold\/?page_id=111"},"modified":"2018-08-15T20:57:31","modified_gmt":"2018-08-15T20:57:31","slug":"doping","status":"publish","type":"page","link":"https:\/\/snejbjergsgi.dk\/handbold\/praktisk-info\/oevrige-informationer\/doping\/","title":{"rendered":"Doping"},"content":{"rendered":"<p>Snejbjerg H\u00e5ndbold tager afstand fra enhver brug af doping.<\/p>\n<p>Som medlem af Dansk H\u00e5ndbold Forbund er spillere under Snejbjerg H\u00e5ndbold omfattet af Danmarks Idr\u00e6ts-Forbunds dopingkontrolregulativ.<\/p>\n<p>Spillere under Snejbjerg H\u00e5ndbold er som f\u00f8lge heraf forpligtet til at deltage i de dopingkontroller, som m\u00e5tte blive foranstaltet af Danmarks Idr\u00e6ts-Forbund.<\/p>\n<p>Spillere under Snejbjerg H\u00e5ndbold er endvidere forpligtet til at efterleve de anvisninger og sanktioner, som m\u00e5tte blive givet af Danmarks Idr\u00e6ts-Forbund i henhold til dopingkontrolregulativet.<\/p>\n<p>Alle spillere opfordres til at s\u00f8ge viden om risikoen ved brug af dopingmidler.<\/p>\n<p>&nbsp;<\/p>\n<p>Se evt. mere p\u00e5 Anti Doping Danmarks hjemmeside &#8211; www.antidoping.dk.<\/p>\n<p>&nbsp;<\/p>\n","protected":false},"excerpt":{"rendered":"<p>Snejbjerg H\u00e5ndbold tager afstand fra enhver brug af doping. Som medlem af Dansk H\u00e5ndbold Forbund er spillere under Snejbjerg H\u00e5ndbold omfattet af Danmarks Idr\u00e6ts-Forbunds dopingkontrolregulativ. Spillere under Snejbjerg H\u00e5ndbold er som f\u00f8lge heraf forpligtet til at deltage i de dopingkontroller, som m\u00e5tte blive foranstaltet af Danmarks Idr\u00e6ts-Forbund. Spillere under Snejbjerg H\u00e5ndbold er endvidere forpligtet til [&hellip;]<\/p>\n","protected":false},"author":13,"featured_media":0,"parent":94,"menu_order":0,"comment_status":"closed","ping_status":"closed","template":"","meta":{"footnotes":""},"class_list":["post-111","page","type-page","status-publish","hentry","post"],"_links":{"self":[{"href":"https:\/\/snejbjergsgi.dk\/handbold\/wp-json\/wp\/v2\/pages\/111","targetHints":{"allow":["GET"]}}],"collection":[{"href":"https:\/\/snejbjergsgi.dk\/handbold\/wp-json\/wp\/v2\/pages"}],"about":[{"href":"https:\/\/snejbjergsgi.dk\/handbold\/wp-json\/wp\/v2\/types\/page"}],"author":[{"embeddable":true,"href":"https:\/\/snejbjergsgi.dk\/handbold\/wp-json\/wp\/v2\/users\/13"}],"replies":[{"embeddable":true,"href":"https:\/\/snejbjergsgi.dk\/handbold\/wp-json\/wp\/v2\/comments?post=111"}],"version-history":[{"count":5,"href":"https:\/\/snejbjergsgi.dk\/handbold\/wp-json\/wp\/v2\/pages\/111\/revisions"}],"predecessor-version":[{"id":117,"href":"https:\/\/snejbjergsgi.dk\/handbold\/wp-json\/wp\/v2\/pages\/111\/revisions\/117"}],"up":[{"embeddable":true,"href":"https:\/\/snejbjergsgi.dk\/handbold\/wp-json\/wp\/v2\/pages\/94"}],"wp:attachment":[{"href":"https:\/\/snejbjergsgi.dk\/handbold\/wp-json\/wp\/v2\/media?parent=111"}],"curies":[{"name":"wp","href":"https:\/\/api.w.org\/{rel}","templated":true}]}}