{"id":69,"date":"2018-06-28T16:52:30","date_gmt":"2018-06-28T16:52:30","guid":{"rendered":"http:\/\/2018.snejbjergsgi.dk\/gymnastik\/?page_id=69"},"modified":"2025-08-04T18:27:13","modified_gmt":"2025-08-04T18:27:13","slug":"aarets-instruktoer","status":"publish","type":"page","link":"https:\/\/snejbjergsgi.dk\/gymnastik\/praktisk-info\/aarets-instruktoer\/","title":{"rendered":"\u00c5rets instrukt\u00f8r"},"content":{"rendered":"\r\n<p>Pokalen til \u00e5rets instrukt\u00f8r\/hj\u00e6lper blev indf\u00f8rt i Gymnastikforeningen i s\u00e6sonen 2008\/2009 og bliver givet til en instrukt\u00f8r eller hj\u00e6lper, som har gjort lidt ekstra.<\/p>\r\n\r\n\r\n\r\n<p>\u00c5rets instrukt\u00f8r\/hj\u00e6lper bliver udr\u00e5bt til gymnastikopvisningen.<\/p>\r\n\r\n\r\n\r\n<figure class=\"wp-block-table\">\r\n<table>\r\n<tbody>\r\n<tr>\r\n<td>\u00a0<\/td>\r\n<td><strong>\u00c5rets instrukt\u00f8r<\/strong><\/td>\r\n<td><strong>\u00c5rets hj\u00e6lpeinstrukt\u00f8r<\/strong><\/td>\r\n<\/tr>\r\n<tr>\r\n<td><strong>2024\/2025<\/strong><\/td>\r\n<td>Jannik Kj\u00e6rsholm<\/td>\r\n<td>\u00a0<\/td>\r\n<\/tr>\r\n<tr>\r\n<td><strong>2023\/2024<\/strong><\/td>\r\n<td>Camilla Paulin &amp; Caroline Raakj\u00e6r<\/td>\r\n<td>\u00a0<\/td>\r\n<\/tr>\r\n<tr>\r\n<td><strong>2022\/2023<\/strong><\/td>\r\n<td>Magnus Vad Laugesen<\/td>\r\n<td>\u00a0<\/td>\r\n<\/tr>\r\n<tr>\r\n<td><strong>2021\/2022<\/strong><\/td>\r\n<td>Ingen pga. COVID<\/td>\r\n<td>\u00a0<\/td>\r\n<\/tr>\r\n<tr>\r\n<td><strong>2020\/2021<\/strong><\/td>\r\n<td>Ingen pga. COVID<\/td>\r\n<td>\u00a0<\/td>\r\n<\/tr>\r\n<tr>\r\n<td><strong>2019\/2020<\/strong>:<\/td>\r\n<td>Maiken Bach<\/td>\r\n<td>Magnus Vad Laugesen<\/td>\r\n<\/tr>\r\n<tr>\r\n<td><strong>2018\/2019:<\/strong><\/td>\r\n<td>Mikkel Pedersen<\/td>\r\n<td>Morten Svendsen<\/td>\r\n<\/tr>\r\n<tr>\r\n<td><strong>2017\/2018<\/strong>:<\/td>\r\n<td>Ditte Simonsen<\/td>\r\n<td>\u00a0<\/td>\r\n<\/tr>\r\n<tr>\r\n<td><strong>2016\/2017:<\/strong><\/td>\r\n<td>Simon Skov Andersen<\/td>\r\n<td>\u00a0<\/td>\r\n<\/tr>\r\n<tr>\r\n<td><strong>2015\/2016:<\/strong><\/td>\r\n<td>Laura B\u00f8gild\u00a0&amp; Iben S. Madsen<\/td>\r\n<td>Casper M. Pedersen<\/td>\r\n<\/tr>\r\n<tr>\r\n<td><strong>2014\/2015:<\/strong><\/td>\r\n<td>Helge Kyster<\/td>\r\n<td>\u00a0<\/td>\r\n<\/tr>\r\n<tr>\r\n<td><strong>2013\/2014:<\/strong><\/td>\r\n<td>Mathias F. Pedersen<\/td>\r\n<td>\u00a0<\/td>\r\n<\/tr>\r\n<tr>\r\n<td><strong>2012\/2013:<\/strong><\/td>\r\n<td>Louise M. Pedersen<\/td>\r\n<td>\u00a0<\/td>\r\n<\/tr>\r\n<tr>\r\n<td><strong>2011\/2012:<\/strong><\/td>\r\n<td>Sara Jespersen<\/td>\r\n<td>\u00a0<\/td>\r\n<\/tr>\r\n<tr>\r\n<td><strong>2010\/2011:<\/strong><\/td>\r\n<td>Mik Pedersen<\/td>\r\n<td>\u00a0<\/td>\r\n<\/tr>\r\n<tr>\r\n<td><strong>2009\/2010:<\/strong><\/td>\r\n<td>Anna-Marie Luke<\/td>\r\n<td>\u00a0<\/td>\r\n<\/tr>\r\n<tr>\r\n<td><strong>2008\/2009:<\/strong><\/td>\r\n<td>Berit Wilki Thygesen<\/td>\r\n<td>\u00a0<\/td>\r\n<\/tr>\r\n<\/tbody>\r\n<\/table>\r\n<\/figure>\r\n\r\n\r\n<ul class=\"wp-block-latest-posts__list wp-block-latest-posts\"><\/ul>","protected":false},"excerpt":{"rendered":"<p>Pokalen til \u00e5rets instrukt\u00f8r\/hj\u00e6lper blev indf\u00f8rt i Gymnastikforeningen i s\u00e6sonen 2008\/2009 og bliver givet til en instrukt\u00f8r eller hj\u00e6lper, som har gjort lidt ekstra. \u00c5rets instrukt\u00f8r\/hj\u00e6lper bliver udr\u00e5bt til gymnastikopvisningen. \u00a0 \u00c5rets instrukt\u00f8r \u00c5rets hj\u00e6lpeinstrukt\u00f8r 2024\/2025 Jannik Kj\u00e6rsholm \u00a0 2023\/2024 Camilla Paulin &amp; Caroline Raakj\u00e6r \u00a0 2022\/2023 Magnus Vad Laugesen \u00a0 2021\/2022 Ingen pga. COVID [&hellip;]<\/p>\n","protected":false},"author":4,"featured_media":0,"parent":17,"menu_order":0,"comment_status":"closed","ping_status":"closed","template":"","meta":{"footnotes":""},"class_list":["post-69","page","type-page","status-publish","hentry","post"],"_links":{"self":[{"href":"https:\/\/snejbjergsgi.dk\/gymnastik\/wp-json\/wp\/v2\/pages\/69","targetHints":{"allow":["GET"]}}],"collection":[{"href":"https:\/\/snejbjergsgi.dk\/gymnastik\/wp-json\/wp\/v2\/pages"}],"about":[{"href":"https:\/\/snejbjergsgi.dk\/gymnastik\/wp-json\/wp\/v2\/types\/page"}],"author":[{"embeddable":true,"href":"https:\/\/snejbjergsgi.dk\/gymnastik\/wp-json\/wp\/v2\/users\/4"}],"replies":[{"embeddable":true,"href":"https:\/\/snejbjergsgi.dk\/gymnastik\/wp-json\/wp\/v2\/comments?post=69"}],"version-history":[{"count":17,"href":"https:\/\/snejbjergsgi.dk\/gymnastik\/wp-json\/wp\/v2\/pages\/69\/revisions"}],"predecessor-version":[{"id":953,"href":"https:\/\/snejbjergsgi.dk\/gymnastik\/wp-json\/wp\/v2\/pages\/69\/revisions\/953"}],"up":[{"embeddable":true,"href":"https:\/\/snejbjergsgi.dk\/gymnastik\/wp-json\/wp\/v2\/pages\/17"}],"wp:attachment":[{"href":"https:\/\/snejbjergsgi.dk\/gymnastik\/wp-json\/wp\/v2\/media?parent=69"}],"curies":[{"name":"wp","href":"https:\/\/api.w.org\/{rel}","templated":true}]}}