{"id":403,"date":"2020-12-10T09:13:23","date_gmt":"2020-12-10T08:13:23","guid":{"rendered":"http:\/\/168.119.69.83\/~ssgi\/fodbold\/?page_id=403"},"modified":"2024-03-15T13:31:53","modified_gmt":"2024-03-15T12:31:53","slug":"stoet-snejbjerg-fodbold","status":"publish","type":"page","link":"https:\/\/snejbjergsgi.dk\/fodbold\/stoet-snejbjerg-fodbold\/","title":{"rendered":"St\u00f8t din klub"},"content":{"rendered":"\n<p>Som medlem af Snejbjerg SG&amp;I Fodbold, bosiddende i Snejbjerg eller blot interesseret i det gode foreningsliv, s\u00e5 er der flere muligheder for at st\u00f8tte Snejbjerg Fodbold. Find de forskellige tiltag nedenfor her:<\/p>\n\n\n\n<p>&#8212;&#8212;&#8212;&#8212;&#8212;&#8212;&#8212;&#8212;&#8212;&#8212;&#8212;&#8212;&#8212;&#8212;&#8212;&#8212;&#8212;&#8212;&#8212;&#8212;&#8212;&#8212;&#8212;&#8212;&#8212;&#8212;&#8212;&#8212;&#8212;&#8212;-<\/p>\n\n\n\n<p class=\"has-medium-font-size\"><strong>St\u00f8tteforening Danmark<\/strong>! <a href=\"https:\/\/stoetteforeningdanmark.dk\"><strong>Tryk her for at bes\u00f8ge siden<\/strong><\/a><\/p>\n\n\n\n<p>Snejbjerg SG&amp;I har indg\u00e5et et samarbejde med St\u00f8tteforening Danmark.<\/p>\n\n\n\n<p>Ved at k\u00f8be bambust\u00f8j gennem deres webshop, g\u00e5r en del af hvert k\u00f8b direkte til Snejbjerg fodbold.<\/p>\n\n\n\n<p>K\u00f8ber man f.eks. seks par str\u00f8mper til 150 kr. tjener vi 75 kr. Man beh\u00f8ver ikke at v\u00e6re medlem af Snejbjerg fodbold for at handle p\u00e5 hjemmesiden, s\u00e5 ens familie, venner og bekendte skal endelig handle l\u00f8s. De f\u00e5r et godt produkt samtidig med at de st\u00f8tter Snejbjerg fodbold.<br>N\u00e5r du bestiller, skal du huske at markere Snejbjerg SG&amp;I fodbold under \u201chvem vil du st\u00f8tte?\u201d<\/p>\n\n\n\n<p>S\u00e5 skynd dig at g\u00e5 ind p\u00e5 <a href=\"https:\/\/stoetteforeningdanmark.dk\">https:\/\/stoetteforeningdanmark.dk<\/a> og k\u00f8b deres produkter.<\/p>\n\n\n\n<figure class=\"wp-block-image size-full\"><img decoding=\"async\" src=\"https:\/\/snejbjergsgi.dk\/fodbold\/wp-content\/uploads\/sites\/7\/2024\/03\/Stoetteforeningdanmark_Snejbjerg_SGI.jpg\" alt=\"St\u00f8t Snejbjerg Fodbold. K\u00f8b sokker og undert\u00f8j fra Stoetteforening Danmark\" class=\"wp-image-734\" \/><\/figure>\n\n\n\n<p>&#8212;&#8212;&#8212;&#8212;&#8212;&#8212;&#8212;&#8212;&#8212;&#8212;&#8212;&#8212;&#8212;&#8212;&#8212;&#8212;&#8212;&#8212;&#8212;&#8212;&#8212;&#8212;&#8212;&#8212;&#8212;&#8212;&#8212;&#8212;&#8212;&#8212;-<\/p>\n\n\n\n<p><\/p>\n\n\n\n<div class=\"wp-block-group\"><div class=\"wp-block-group__inner-container is-layout-flow wp-block-group-is-layout-flow\">\n<p class=\"has-medium-font-size\"><strong>FCM m\u00e5laktie! <a href=\"https:\/\/www.fcmklubsamarbejdet.dk\/medlemsfordele\/maalaktier\/\">Tryk her for at l\u00e6se mere!!<\/a><\/strong><\/p>\n\n\n\n<p><em>Om M\u00e5laktier: <\/em><\/p>\n\n\n\n<p>En m\u00e5laktie er en m\u00e5de at st\u00f8tte DIN LOKALE klub p\u00e5. Du opretter dig online og via l\u00f8bende sm\u00e5 donationer bidrager du til f\u00e6llesskabet.<\/p>\n\n\n\n<p>St\u00f8rrelsen p\u00e5 dine sm\u00e5 l\u00f8bende donationer vil variere fra gang til gang. Du st\u00f8tter nemlig med et bel\u00f8b pr. m\u00e5l og\/eller point som FC Midtjylland opn\u00e5r.<\/p>\n\n\n\n<p>Du v\u00e6lger selv hvor meget du \u00f8nsker at donere, n\u00e5r du opretter dig. Dog minimum 3 kr. pr m\u00e5l eller 3 kr. pr. point.<\/p>\n\n\n\n<p>Tilmeld dig her: <a href=\"https:\/\/pecasu.com\/fcm?fbclid=IwAR1FAx364y1wdaxyxOcTiHhj4hIRubEvhSiYysnqn2boRhVSwwecXf9U_s8\" rel=\"noreferrer noopener\" target=\"_blank\">https:\/\/pecasu.com\/fcm<\/a><\/p>\n\n\n\n<p><\/p>\n\n\n\n<p>&#8212;&#8212;&#8212;&#8212;&#8212;&#8212;&#8212;&#8212;&#8212;&#8212;&#8212;&#8212;&#8212;&#8212;&#8212;&#8212;&#8212;&#8212;&#8212;&#8212;&#8212;&#8212;&#8212;&#8212;&#8212;&#8212;&#8212;&#8212;&#8212;&#8212;-<\/p>\n<\/div><\/div>\n\n\n\n<div class=\"wp-block-group\"><div class=\"wp-block-group__inner-container is-layout-flow wp-block-group-is-layout-flow\">\n<p class=\"has-medium-font-size\"><strong>OK aftaler: <a href=\"https:\/\/www.ok.dk\/privat\/ok-og-sporten\">Tryk her for at l\u00e6se mere!!<\/a><\/strong><\/p>\n\n\n\n<p><em>Om OK aftalerne:<\/em><\/p>\n\n\n\n<p>Du kan st\u00f8tte din lokale klub eller forening, n\u00e5r du tanker hos OK. B\u00e5de dit&nbsp;<a href=\"https:\/\/www.ok.dk\/privat\/produkter\/benzinkort\">benzinkort<\/a>, din&nbsp;<a href=\"https:\/\/www.ok.dk\/privat\/produkter\/el\">elaftale<\/a>&nbsp;og&nbsp;<a href=\"https:\/\/www.ok.dk\/privat\/produkter\/mobiltelefoni\/mobilpakker\">mobilpakke<\/a>&nbsp;kan give st\u00f8ttekroner i kassen hos klubberne.<\/p>\n\n\n\n<p>Tilmeld dig her: <a href=\"https:\/\/www.ok.dk\/privat\/ok-og-sporten\/stoet-sporten\">https:\/\/www.ok.dk\/privat\/ok-og-sporten\/stoet-sporten<\/a><\/p>\n\n\n\n<p>&#8212;&#8212;&#8212;&#8212;&#8212;&#8212;&#8212;&#8212;&#8212;&#8212;&#8212;&#8212;&#8212;&#8212;&#8212;&#8212;&#8212;&#8212;&#8212;&#8212;&#8212;&#8212;&#8212;&#8212;&#8212;&#8212;&#8212;&#8212;&#8212;&#8212;-<\/p>\n<\/div><\/div>\n\n\n\n<div class=\"wp-block-group\"><div class=\"wp-block-group__inner-container is-layout-flow wp-block-group-is-layout-flow\"><\/div><\/div>\n\n\n\n<p><\/p>\n","protected":false},"excerpt":{"rendered":"<p>Som medlem af Snejbjerg SG&amp;I Fodbold, bosiddende i Snejbjerg eller blot interesseret i det gode foreningsliv, s\u00e5 er der flere muligheder for at st\u00f8tte Snejbjerg Fodbold. Find de forskellige tiltag nedenfor her: &#8212;&#8212;&#8212;&#8212;&#8212;&#8212;&#8212;&#8212;&#8212;&#8212;&#8212;&#8212;&#8212;&#8212;&#8212;&#8212;&#8212;&#8212;&#8212;&#8212;&#8212;&#8212;&#8212;&#8212;&#8212;&#8212;&#8212;&#8212;&#8212;&#8212;- St\u00f8tteforening Danmark! Tryk her for at bes\u00f8ge siden Snejbjerg SG&amp;I har indg\u00e5et et samarbejde med St\u00f8tteforening Danmark. Ved at k\u00f8be bambust\u00f8j gennem [&hellip;]<\/p>\n","protected":false},"author":7,"featured_media":0,"parent":0,"menu_order":0,"comment_status":"closed","ping_status":"closed","template":"","meta":{"footnotes":""},"class_list":["post-403","page","type-page","status-publish","hentry","post"],"_links":{"self":[{"href":"https:\/\/snejbjergsgi.dk\/fodbold\/wp-json\/wp\/v2\/pages\/403","targetHints":{"allow":["GET"]}}],"collection":[{"href":"https:\/\/snejbjergsgi.dk\/fodbold\/wp-json\/wp\/v2\/pages"}],"about":[{"href":"https:\/\/snejbjergsgi.dk\/fodbold\/wp-json\/wp\/v2\/types\/page"}],"author":[{"embeddable":true,"href":"https:\/\/snejbjergsgi.dk\/fodbold\/wp-json\/wp\/v2\/users\/7"}],"replies":[{"embeddable":true,"href":"https:\/\/snejbjergsgi.dk\/fodbold\/wp-json\/wp\/v2\/comments?post=403"}],"version-history":[{"count":9,"href":"https:\/\/snejbjergsgi.dk\/fodbold\/wp-json\/wp\/v2\/pages\/403\/revisions"}],"predecessor-version":[{"id":737,"href":"https:\/\/snejbjergsgi.dk\/fodbold\/wp-json\/wp\/v2\/pages\/403\/revisions\/737"}],"wp:attachment":[{"href":"https:\/\/snejbjergsgi.dk\/fodbold\/wp-json\/wp\/v2\/media?parent=403"}],"curies":[{"name":"wp","href":"https:\/\/api.w.org\/{rel}","templated":true}]}}