{"id":23286,"date":"2024-05-22T14:05:11","date_gmt":"2024-05-22T12:05:11","guid":{"rendered":"https:\/\/snejbjergsgi.dk\/fitness\/?page_id=23286"},"modified":"2025-11-08T20:42:45","modified_gmt":"2025-11-08T19:42:45","slug":"faciliteter","status":"publish","type":"page","link":"https:\/\/snejbjergsgi.dk\/fitness\/faciliteter\/","title":{"rendered":"Tr\u00e6ningsoversigt"},"content":{"rendered":"<p>L\u00e6s mere om de enkelte hold nedenunder. Kontakt os endelig hvis du har nogle sp\u00f8rgsm\u00e5l.<\/p>\n\n\n<p><a href=\"https:\/\/snejbjergsgi.dk\/fitness\/trx\/\">TRX<\/a><br><br><a href=\"https:\/\/snejbjergsgi.dk\/fitness\/motionsboksning\/\">Motionsboksning<\/a><br><br><a href=\"https:\/\/snejbjergsgi.dk\/fitness\/cirkeltraening\/\">Cirkeltr\u00e6ning<\/a><\/p>\n\n\n\n<p><a href=\"https:\/\/snejbjergsgi.dk\/fitness\/funktionel-traening\/\">Funktionel tr\u00e6ning<\/a><br><br><a href=\"https:\/\/snejbjergsgi.dk\/fitness\/fitness-dance\/\">Fitness dance<\/a><br><br><a href=\"https:\/\/snejbjergsgi.dk\/fitness\/barselshold\/\">Barselshold<\/a><br><br><a href=\"https:\/\/snejbjergsgi.dk\/fitness\/hiitn-strech\/\">Hiit&#8217;n strech<\/a><\/p>\n\n\n\n<p><\/p>\n\n\n\n<p><\/p>\n\n\n\n<p><\/p>\n\n\n\n<p><\/p>\n\n\n\n<p><\/p>\n","protected":false},"excerpt":{"rendered":"<p>L\u00e6s mere om de enkelte hold nedenunder. Kontakt os endelig hvis du har nogle sp\u00f8rgsm\u00e5l. TRX Motionsboksning Cirkeltr\u00e6ning Funktionel tr\u00e6ning Fitness dance Barselshold Hiit&#8217;n strech<\/p>\n","protected":false},"author":31,"featured_media":902,"parent":0,"menu_order":0,"comment_status":"closed","ping_status":"closed","template":"","meta":{"footnotes":""},"class_list":["post-23286","page","type-page","status-publish","has-post-thumbnail","hentry","post","post-with-thumbnail","post-with-thumbnail-large"],"_links":{"self":[{"href":"https:\/\/snejbjergsgi.dk\/fitness\/wp-json\/wp\/v2\/pages\/23286","targetHints":{"allow":["GET"]}}],"collection":[{"href":"https:\/\/snejbjergsgi.dk\/fitness\/wp-json\/wp\/v2\/pages"}],"about":[{"href":"https:\/\/snejbjergsgi.dk\/fitness\/wp-json\/wp\/v2\/types\/page"}],"author":[{"embeddable":true,"href":"https:\/\/snejbjergsgi.dk\/fitness\/wp-json\/wp\/v2\/users\/31"}],"replies":[{"embeddable":true,"href":"https:\/\/snejbjergsgi.dk\/fitness\/wp-json\/wp\/v2\/comments?post=23286"}],"version-history":[{"count":8,"href":"https:\/\/snejbjergsgi.dk\/fitness\/wp-json\/wp\/v2\/pages\/23286\/revisions"}],"predecessor-version":[{"id":23783,"href":"https:\/\/snejbjergsgi.dk\/fitness\/wp-json\/wp\/v2\/pages\/23286\/revisions\/23783"}],"wp:featuredmedia":[{"embeddable":true,"href":"https:\/\/snejbjergsgi.dk\/fitness\/wp-json\/wp\/v2\/media\/902"}],"wp:attachment":[{"href":"https:\/\/snejbjergsgi.dk\/fitness\/wp-json\/wp\/v2\/media?parent=23286"}],"curies":[{"name":"wp","href":"https:\/\/api.w.org\/{rel}","templated":true}]}}