{"id":27,"date":"2018-05-29T20:08:51","date_gmt":"2018-05-29T20:08:51","guid":{"rendered":"http:\/\/2018.snejbjergsgi.dk\/amatoerteater\/?page_id=27"},"modified":"2018-06-06T07:07:38","modified_gmt":"2018-06-06T07:07:38","slug":"kontakt","status":"publish","type":"page","link":"https:\/\/snejbjergsgi.dk\/amatoerteater\/kontakt\/","title":{"rendered":"Kontakt"},"content":{"rendered":"<p>Ved generalforsamlingen 19. april 2018 blev gruppen gjort hvilende &#8211; J\u00f8rgen Rasmussen vil indtil videre v\u00e6re kontaktperson<\/p>\n<table border=\"0\">\n<tbody>\n<tr>\n<td>\n<table border=\"0\" cellspacing=\"0\" cellpadding=\"5\" align=\"left\">\n<tbody>\n<tr>\n<td align=\"left\" valign=\"middle\"><img loading=\"lazy\" decoding=\"async\" class=\"alignnone size-full wp-image-50\" src=\"http:\/\/2018.snejbjergsgi.dk\/amatoerteater\/wp-content\/uploads\/sites\/3\/2018\/06\/J\u00f8rgen-1.jpg\" alt=\"\" width=\"240\" height=\"240\" srcset=\"https:\/\/snejbjergsgi.dk\/amatoerteater\/wp-content\/uploads\/sites\/3\/2018\/06\/J\u00f8rgen-1.jpg 240w, https:\/\/snejbjergsgi.dk\/amatoerteater\/wp-content\/uploads\/sites\/3\/2018\/06\/J\u00f8rgen-1-150x150.jpg 150w\" sizes=\"auto, (max-width: 240px) 100vw, 240px\" \/><\/td>\n<td align=\"left\" valign=\"middle\"><strong>J\u00f8rgen Sommerlund Rasmussen,<br \/>\nformand<\/strong><\/td>\n<td align=\"left\" valign=\"middle\">Toftbjerg 43,<br \/>\nSnejbjerg<br \/>\n7400 Herning<\/td>\n<td align=\"left\" valign=\"middle\">Telefon:<br \/>\n9716 8187<br \/>\n4021 6087<\/td>\n<td align=\"left\" valign=\"middle\"><a href=\"mailto:toftbjerg43@gmail.com\">toftbjerg43@gmail.com<\/a><\/td>\n<\/tr>\n<\/tbody>\n<\/table>\n<\/td>\n<\/tr>\n<\/tbody>\n<\/table>\n","protected":false},"excerpt":{"rendered":"<p>Ved generalforsamlingen 19. april 2018 blev gruppen gjort hvilende &#8211; J\u00f8rgen Rasmussen vil indtil videre v\u00e6re kontaktperson J\u00f8rgen Sommerlund Rasmussen, formand Toftbjerg 43, Snejbjerg 7400 Herning Telefon: 9716 8187 4021 6087 toftbjerg43@gmail.com<\/p>\n","protected":false},"author":2,"featured_media":0,"parent":0,"menu_order":0,"comment_status":"closed","ping_status":"closed","template":"","meta":{"footnotes":""},"class_list":["post-27","page","type-page","status-publish","hentry","post"],"_links":{"self":[{"href":"https:\/\/snejbjergsgi.dk\/amatoerteater\/wp-json\/wp\/v2\/pages\/27","targetHints":{"allow":["GET"]}}],"collection":[{"href":"https:\/\/snejbjergsgi.dk\/amatoerteater\/wp-json\/wp\/v2\/pages"}],"about":[{"href":"https:\/\/snejbjergsgi.dk\/amatoerteater\/wp-json\/wp\/v2\/types\/page"}],"author":[{"embeddable":true,"href":"https:\/\/snejbjergsgi.dk\/amatoerteater\/wp-json\/wp\/v2\/users\/2"}],"replies":[{"embeddable":true,"href":"https:\/\/snejbjergsgi.dk\/amatoerteater\/wp-json\/wp\/v2\/comments?post=27"}],"version-history":[{"count":4,"href":"https:\/\/snejbjergsgi.dk\/amatoerteater\/wp-json\/wp\/v2\/pages\/27\/revisions"}],"predecessor-version":[{"id":51,"href":"https:\/\/snejbjergsgi.dk\/amatoerteater\/wp-json\/wp\/v2\/pages\/27\/revisions\/51"}],"wp:attachment":[{"href":"https:\/\/snejbjergsgi.dk\/amatoerteater\/wp-json\/wp\/v2\/media?parent=27"}],"curies":[{"name":"wp","href":"https:\/\/api.w.org\/{rel}","templated":true}]}}