{"id":62032,"date":"2026-01-21T07:27:05","date_gmt":"2026-01-21T06:27:05","guid":{"rendered":"https:\/\/snejbjergsgi.dk\/aktiv-samvaer\/?page_id=62032"},"modified":"2026-01-21T07:28:40","modified_gmt":"2026-01-21T06:28:40","slug":"aarsmoede-jesper-groenkjaer","status":"publish","type":"page","link":"https:\/\/snejbjergsgi.dk\/aktiv-samvaer\/aarsmoede-jesper-groenkjaer\/","title":{"rendered":"\u00c5rsm\u00f8de &#8211; Jesper Gr\u00f8nkj\u00e6r"},"content":{"rendered":"<p>Tirsdag d. 14. april kl. 19:00 &#8211; <strong>\u00c5rsm\u00f8de 2026<\/strong>\u00a0 M\u00f8dested: Snejbjerg Hallen \u2013 Multisalen<br \/>\nPris: 75 kr. for kaffe og 2 snitter. Vin, \u00f8l og vand kan k\u00f8bes<br \/>\nTilmelding: Online eller tlf. fra 18. februar &#8211; senest 7. april<br \/>\nOrdin\u00e6rt \u00e5rsm\u00f8de. Dagsorden er fastsat s\u00e5ledes:<br \/>\n1. Valg af dirigent og evt. stemmet\u00e6llere<br \/>\n2. Formandens\/bestyrelsens beretning til dr\u00f8ftelse og godkendelse<br \/>\n3. Freml\u00e6ggelse af regnskab til orientering<br \/>\n4. Fasts\u00e6ttelse af kontingent<br \/>\n5. Indkomne forslag \u2013 sendes til formanden senest 7.4.<br \/>\n6. Valg af bestyrelse for gruppen<br \/>\n7. Eventuelt<\/p>\n<p>Denne aften f\u00e5r vi atter bes\u00f8g af eventyreren, forfatteren, tryllekunstneren mm. Jesper Gr\u00f8nkj\u00e6r, der<br \/>\ndenne gang beskriver sit foredrag s\u00e5ledes:<br \/>\n\u201cI en evig jagt p\u00e5 at vise, at smilet er det sprog vi alle taler &#8211; p\u00e5 tv\u00e6rs af landegr\u00e6nser, hudfarve, kulturelle skel mm drager jeg ud p\u00e5 ekspedition til klodens fjerneste afkroge; sejler p\u00e5 t\u00f8mmerfl\u00e5de ned ad Amazonfloden, k\u00e6mper mig ud til kannibaler p\u00e5 Ny Guinea,<br \/>\nrider p\u00e5 kamel ud til beduiner i \u00f8rkenen, bor hos stammefolk i Afrika, eller laver arrangementer med gangstere og<br \/>\nmassemordere i Sydamerika.<br \/>\nAlt dette handler om m\u00f8det mellem mennesker og om at vise, hvad der sker, n\u00e5r man m\u00f8der verden med smil, fremfor<br \/>\nskepsis &#8211; og undervejs tvinges vi til at tage livtag med vore egne fordomme om andre mennesker.\u201d<\/p>\n","protected":false},"excerpt":{"rendered":"<p>Tirsdag d. 14. april kl. 19:00 &#8211; \u00c5rsm\u00f8de 2026\u00a0 M\u00f8dested: Snejbjerg Hallen \u2013 Multisalen Pris: 75 kr. for kaffe og 2 snitter. Vin, \u00f8l og vand kan k\u00f8bes Tilmelding: Online eller tlf. fra 18. februar &#8211; senest 7. april Ordin\u00e6rt \u00e5rsm\u00f8de. Dagsorden er fastsat s\u00e5ledes: 1. Valg af dirigent og evt. stemmet\u00e6llere 2. Formandens\/bestyrelsens beretning [&hellip;]<\/p>\n","protected":false},"author":3,"featured_media":0,"parent":0,"menu_order":0,"comment_status":"closed","ping_status":"closed","template":"","meta":{"footnotes":""},"class_list":["post-62032","page","type-page","status-publish","hentry","post"],"_links":{"self":[{"href":"https:\/\/snejbjergsgi.dk\/aktiv-samvaer\/wp-json\/wp\/v2\/pages\/62032","targetHints":{"allow":["GET"]}}],"collection":[{"href":"https:\/\/snejbjergsgi.dk\/aktiv-samvaer\/wp-json\/wp\/v2\/pages"}],"about":[{"href":"https:\/\/snejbjergsgi.dk\/aktiv-samvaer\/wp-json\/wp\/v2\/types\/page"}],"author":[{"embeddable":true,"href":"https:\/\/snejbjergsgi.dk\/aktiv-samvaer\/wp-json\/wp\/v2\/users\/3"}],"replies":[{"embeddable":true,"href":"https:\/\/snejbjergsgi.dk\/aktiv-samvaer\/wp-json\/wp\/v2\/comments?post=62032"}],"version-history":[{"count":1,"href":"https:\/\/snejbjergsgi.dk\/aktiv-samvaer\/wp-json\/wp\/v2\/pages\/62032\/revisions"}],"predecessor-version":[{"id":62033,"href":"https:\/\/snejbjergsgi.dk\/aktiv-samvaer\/wp-json\/wp\/v2\/pages\/62032\/revisions\/62033"}],"wp:attachment":[{"href":"https:\/\/snejbjergsgi.dk\/aktiv-samvaer\/wp-json\/wp\/v2\/media?parent=62032"}],"curies":[{"name":"wp","href":"https:\/\/api.w.org\/{rel}","templated":true}]}}

Årsmøde &#8211; Jesper Grønkjær

<p>Tirsdag d. 14. april kl. 19:00 &#8211; <strong>Årsmøde 2026</strong>  Mødested: Snejbjerg Hallen – Multisalen<br />
Pris: 75 kr. for kaffe og 2 snitter. Vin, øl og vand kan købes<br />
Tilmelding: Online eller tlf. fra 18. februar &#8211; senest 7. april<br />
Ordinært årsmøde. Dagsorden er fastsat således:<br />
1. Valg af dirigent og evt. stemmetællere<br />
2. Formandens/bestyrelsens beretning til drøftelse og godkendelse<br />
3. Fremlæggelse af regnskab til orientering<br />
4. Fastsættelse af kontingent<br />
5. Indkomne forslag – sendes til formanden senest 7.4.<br />
6. Valg af bestyrelse for gruppen<br />
7. Eventuelt</p>
<p>Denne aften får vi atter besøg af eventyreren, forfatteren, tryllekunstneren mm. Jesper Grønkjær, der<br />
denne gang beskriver sit foredrag således:<br />
“I en evig jagt på at vise, at smilet er det sprog vi alle taler &#8211; på tværs af landegrænser, hudfarve, kulturelle skel mm drager jeg ud på ekspedition til klodens fjerneste afkroge; sejler på tømmerflåde ned ad Amazonfloden, kæmper mig ud til kannibaler på Ny Guinea,<br />
rider på kamel ud til beduiner i ørkenen, bor hos stammefolk i Afrika, eller laver arrangementer med gangstere og<br />
massemordere i Sydamerika.<br />
Alt dette handler om mødet mellem mennesker og om at vise, hvad der sker, når man møder verden med smil, fremfor<br />
skepsis &#8211; og undervejs tvinges vi til at tage livtag med vore egne fordomme om andre mennesker.”</p>

<p>Tirsdag d. 14. april kl. 19:00 &#8211; Årsmøde 2026  Mødested: Snejbjerg Hallen – Multisalen Pris: 75 kr. for kaffe og 2 snitter. Vin, øl og vand kan købes Tilmelding: Online eller tlf. fra 18. februar &#8211; senest 7. april Ordinært årsmøde. Dagsorden er fastsat således: 1. Valg af dirigent og evt. stemmetællere 2. Formandens/bestyrelsens beretning [&hellip;]</p>
