{"id":61674,"date":"2024-07-13T09:54:51","date_gmt":"2024-07-13T07:54:51","guid":{"rendered":"https:\/\/snejbjergsgi.dk\/aktiv-samvaer\/?page_id=61674"},"modified":"2024-09-03T20:12:06","modified_gmt":"2024-09-03T18:12:06","slug":"kirkely2024","status":"publish","type":"page","link":"https:\/\/snejbjergsgi.dk\/aktiv-samvaer\/kirkely2024\/","title":{"rendered":"Kirkely2024"},"content":{"rendered":"<p>Onsdag d. 4. december kl. 18:00 \u2013 Jul i Kirkely<br \/>\nPris: 200 kr. for mad og underholdning. Maks. <strong>128 medlemmer<\/strong><br \/>\n\u00d8l, vin og vand kan k\u00f8bes.<br \/>\n<a href=\"https:\/\/docs.google.com\/forms\/d\/e\/1FAIpQLSdWWZdkZdV5lv4z3kTW_T0jOmWgUxk6zG96_FtgBWgxXGcYvA\/viewform\">Tilmelding: online og tlf. fra 4. september<\/a> &#8211; senest 27. november<br \/>\nAftenen starter som s\u00e6dvanlig med &#8220;julemiddag&#8221;: fl\u00e6skesteg m. spr\u00f8d sv\u00e6r, r\u00f8dk\u00e5l, hvide og brune kartofler og chips. Til dessert: ris a la mande med tilh\u00f8rende mandelgaver.<br \/>\nVi f\u00e5r bes\u00f8g af<br \/>\n<em><strong>Jacob Hogrebe <\/strong><\/em><img loading=\"lazy\" decoding=\"async\" class=\"wp-image-61683 alignright\" src=\"https:\/\/snejbjergsgi.dk\/aktiv-samvaer\/wp-content\/uploads\/sites\/2\/2024\/07\/Jacob-Hogrebe1-300x300px-1-e1720858254453.jpg\" alt=\"\" width=\"167\" height=\"135\" \/><br \/>\nHan vil fort\u00e6lle om sit sp\u00e6ndende liv, fx med den rejsende h\u00f8jskole, rundt i\u00a0Middelhavet i en rusten lodsb\u00e5d, f\u00e6ngslet i Tyrkiet i 38 dage pga. besiddelse af kassetteb\u00e5nd med kurdisk musik.<br \/>\nAftenskolekursus for psykisk syge, der f\u00f8rte til en musik- og<br \/>\ng\u00f8glergruppe \u201dDe splittergale\u201d. Jacob var stifter og leder gruppen<br \/>\nfra 1990-2018. De gjorde grin med den etablerede psykiatri, men<br \/>\nde har hjulpet mange s\u00e5rbare mennesker til et bedre liv.\u00a0 <a href=\"https:\/\/www.tv2ostjylland.dk\/kurt-kom-forbi\/kurt-jacob-hogrebe\">TV-indslag om Jacob og de splittergale<\/a><br \/>\nJacob \u2013 apotekers\u00f8n fra \u00c5rs \u2013 f\u00f8dt under en snestorm i 1955. Dybe r\u00f8dder i en sl\u00e6gt af b\u00f8dkere, bagere og halvstuderede degne. De havde det til f\u00e6lles, at de fandt livsgl\u00e6de i musikken. Den har Jacob arvet.<\/p>\n","protected":false},"excerpt":{"rendered":"<p>Onsdag d. 4. december kl. 18:00 \u2013 Jul i Kirkely Pris: 200 kr. for mad og underholdning. Maks. 128 medlemmer \u00d8l, vin og vand kan k\u00f8bes. Tilmelding: online og tlf. fra 4. september &#8211; senest 27. november Aftenen starter som s\u00e6dvanlig med &#8220;julemiddag&#8221;: fl\u00e6skesteg m. spr\u00f8d sv\u00e6r, r\u00f8dk\u00e5l, hvide og brune kartofler og chips. Til [&hellip;]<\/p>\n","protected":false},"author":3,"featured_media":0,"parent":0,"menu_order":0,"comment_status":"closed","ping_status":"closed","template":"","meta":{"footnotes":""},"class_list":["post-61674","page","type-page","status-publish","hentry","post"],"_links":{"self":[{"href":"https:\/\/snejbjergsgi.dk\/aktiv-samvaer\/wp-json\/wp\/v2\/pages\/61674","targetHints":{"allow":["GET"]}}],"collection":[{"href":"https:\/\/snejbjergsgi.dk\/aktiv-samvaer\/wp-json\/wp\/v2\/pages"}],"about":[{"href":"https:\/\/snejbjergsgi.dk\/aktiv-samvaer\/wp-json\/wp\/v2\/types\/page"}],"author":[{"embeddable":true,"href":"https:\/\/snejbjergsgi.dk\/aktiv-samvaer\/wp-json\/wp\/v2\/users\/3"}],"replies":[{"embeddable":true,"href":"https:\/\/snejbjergsgi.dk\/aktiv-samvaer\/wp-json\/wp\/v2\/comments?post=61674"}],"version-history":[{"count":5,"href":"https:\/\/snejbjergsgi.dk\/aktiv-samvaer\/wp-json\/wp\/v2\/pages\/61674\/revisions"}],"predecessor-version":[{"id":61750,"href":"https:\/\/snejbjergsgi.dk\/aktiv-samvaer\/wp-json\/wp\/v2\/pages\/61674\/revisions\/61750"}],"wp:attachment":[{"href":"https:\/\/snejbjergsgi.dk\/aktiv-samvaer\/wp-json\/wp\/v2\/media?parent=61674"}],"curies":[{"name":"wp","href":"https:\/\/api.w.org\/{rel}","templated":true}]}}

<p>Onsdag d. 4. december kl. 18:00 – Jul i Kirkely<br />
Pris: 200 kr. for mad og underholdning. Maks. <strong>128 medlemmer</strong><br />
Øl, vin og vand kan købes.<br />
<a href="https://docs.google.com/forms/d/e/1FAIpQLSdWWZdkZdV5lv4z3kTW_T0jOmWgUxk6zG96_FtgBWgxXGcYvA/viewform">Tilmelding: online og tlf. fra 4. september</a> &#8211; senest 27. november<br />
Aftenen starter som sædvanlig med &#8220;julemiddag&#8221;: flæskesteg m. sprød svær, rødkål, hvide og brune kartofler og chips. Til dessert: ris a la mande med tilhørende mandelgaver.<br />
Vi får besøg af<br />
<em><strong>Jacob Hogrebe </strong></em><img loading="lazy" decoding="async" class="wp-image-61683 alignright" src="https://snejbjergsgi.dk/aktiv-samvaer/wp-content/uploads/sites/2/2024/07/Jacob-Hogrebe1-300x300px-1-e1720858254453.jpg" alt="" width="167" height="135" /><br />
Han vil fortælle om sit spændende liv, fx med den rejsende højskole, rundt i Middelhavet i en rusten lodsbåd, fængslet i Tyrkiet i 38 dage pga. besiddelse af kassettebånd med kurdisk musik.<br />
Aftenskolekursus for psykisk syge, der førte til en musik- og<br />
gøglergruppe ”De splittergale”. Jacob var stifter og leder gruppen<br />
fra 1990-2018. De gjorde grin med den etablerede psykiatri, men<br />
de har hjulpet mange sårbare mennesker til et bedre liv.  <a href="https://www.tv2ostjylland.dk/kurt-kom-forbi/kurt-jacob-hogrebe">TV-indslag om Jacob og de splittergale</a><br />
Jacob – apotekersøn fra Års – født under en snestorm i 1955. Dybe rødder i en slægt af bødkere, bagere og halvstuderede degne. De havde det til fælles, at de fandt livsglæde i musikken. Den har Jacob arvet.</p>

<p>Onsdag d. 4. december kl. 18:00 – Jul i Kirkely Pris: 200 kr. for mad og underholdning. Maks. 128 medlemmer Øl, vin og vand kan købes. Tilmelding: online og tlf. fra 4. september &#8211; senest 27. november Aftenen starter som sædvanlig med &#8220;julemiddag&#8221;: flæskesteg m. sprød svær, rødkål, hvide og brune kartofler og chips. Til [&hellip;]</p>
