{"id":60995,"date":"2022-06-09T10:31:45","date_gmt":"2022-06-09T08:31:45","guid":{"rendered":"https:\/\/snejbjergsgi.dk\/aktiv-samvaer\/?page_id=60995"},"modified":"2025-08-01T16:02:18","modified_gmt":"2025-08-01T14:02:18","slug":"vedtaegt-mv","status":"publish","type":"page","link":"https:\/\/snejbjergsgi.dk\/aktiv-samvaer\/vedtaegt-mv\/","title":{"rendered":"Vedt\u00e6gt mv."},"content":{"rendered":"<p><strong>Aktiv Samv\u00e6r er en gruppe under Snejbjerg SG&amp;I og undergivet f\u00e6llesforeningens vedt\u00e6gter &#8211; <a href=\"https:\/\/snejbjergsgi.dk\/praktisk-info\/vedtaegter\/\">se her\u00a0<\/a><\/strong><\/p>\n<p><strong>Aktiv Samv\u00e6r har valgt at afholde \u00e5rsm\u00f8der jf. vedt\u00e6gtens \u00a7 13 og har i en forretningsorden fastsat, at bestyrelsen best\u00e5r af 5 par.<\/strong><\/p>\n<p><strong>se forretningsorden<a href=\"https:\/\/drive.google.com\/file\/d\/10IABfAF8zPI7xjWREtHeYxUeDlsQXpH3\/view?usp=sharing\"> her <\/a><\/strong><\/p>\n<p><strong>Dagsorden for \u00e5rsm\u00f8der er fastsat i vedt\u00e6gtens \u00a7 13 &#8211;\u00a0 dato for afholdelse fremg\u00e5r af vort \u00e5rsprogram.\u00a0 N\u00e6ste \u00e5rsm\u00f8de 14. april 2026<\/strong><\/p>\n","protected":false},"excerpt":{"rendered":"<p>Aktiv Samv\u00e6r er en gruppe under Snejbjerg SG&amp;I og undergivet f\u00e6llesforeningens vedt\u00e6gter &#8211; se her\u00a0 Aktiv Samv\u00e6r har valgt at afholde \u00e5rsm\u00f8der jf. vedt\u00e6gtens \u00a7 13 og har i en forretningsorden fastsat, at bestyrelsen best\u00e5r af 5 par. se forretningsorden her Dagsorden for \u00e5rsm\u00f8der er fastsat i vedt\u00e6gtens \u00a7 13 &#8211;\u00a0 dato for afholdelse fremg\u00e5r [&hellip;]<\/p>\n","protected":false},"author":3,"featured_media":0,"parent":0,"menu_order":0,"comment_status":"closed","ping_status":"closed","template":"","meta":{"footnotes":""},"class_list":["post-60995","page","type-page","status-publish","hentry","post"],"_links":{"self":[{"href":"https:\/\/snejbjergsgi.dk\/aktiv-samvaer\/wp-json\/wp\/v2\/pages\/60995","targetHints":{"allow":["GET"]}}],"collection":[{"href":"https:\/\/snejbjergsgi.dk\/aktiv-samvaer\/wp-json\/wp\/v2\/pages"}],"about":[{"href":"https:\/\/snejbjergsgi.dk\/aktiv-samvaer\/wp-json\/wp\/v2\/types\/page"}],"author":[{"embeddable":true,"href":"https:\/\/snejbjergsgi.dk\/aktiv-samvaer\/wp-json\/wp\/v2\/users\/3"}],"replies":[{"embeddable":true,"href":"https:\/\/snejbjergsgi.dk\/aktiv-samvaer\/wp-json\/wp\/v2\/comments?post=60995"}],"version-history":[{"count":4,"href":"https:\/\/snejbjergsgi.dk\/aktiv-samvaer\/wp-json\/wp\/v2\/pages\/60995\/revisions"}],"predecessor-version":[{"id":61962,"href":"https:\/\/snejbjergsgi.dk\/aktiv-samvaer\/wp-json\/wp\/v2\/pages\/60995\/revisions\/61962"}],"wp:attachment":[{"href":"https:\/\/snejbjergsgi.dk\/aktiv-samvaer\/wp-json\/wp\/v2\/media?parent=60995"}],"curies":[{"name":"wp","href":"https:\/\/api.w.org\/{rel}","templated":true}]}}

Vedtægt mv.

<p><strong>Aktiv Samvær er en gruppe under Snejbjerg SG&amp;I og undergivet fællesforeningens vedtægter &#8211; <a href="https://snejbjergsgi.dk/praktisk-info/vedtaegter/">se her </a></strong></p>
<p><strong>Aktiv Samvær har valgt at afholde årsmøder jf. vedtægtens § 13 og har i en forretningsorden fastsat, at bestyrelsen består af 5 par.</strong></p>
<p><strong>se forretningsorden<a href="https://drive.google.com/file/d/10IABfAF8zPI7xjWREtHeYxUeDlsQXpH3/view?usp=sharing"> her </a></strong></p>
<p><strong>Dagsorden for årsmøder er fastsat i vedtægtens § 13 &#8211;  dato for afholdelse fremgår af vort årsprogram.  Næste årsmøde 14. april 2026</strong></p>

<p>Aktiv Samvær er en gruppe under Snejbjerg SG&amp;I og undergivet fællesforeningens vedtægter &#8211; se her  Aktiv Samvær har valgt at afholde årsmøder jf. vedtægtens § 13 og har i en forretningsorden fastsat, at bestyrelsen består af 5 par. se forretningsorden her Dagsorden for årsmøder er fastsat i vedtægtens § 13 &#8211;  dato for afholdelse fremgår [&hellip;]</p>
