{"id":60456,"date":"2020-10-29T13:56:52","date_gmt":"2020-10-29T12:56:52","guid":{"rendered":"http:\/\/168.119.69.83\/~ssgi\/aktiv-samvaer\/?page_id=60456"},"modified":"2024-03-09T16:18:42","modified_gmt":"2024-03-09T15:18:42","slug":"persondatapolitik","status":"publish","type":"page","link":"https:\/\/snejbjergsgi.dk\/aktiv-samvaer\/persondatapolitik\/","title":{"rendered":"Persondatapolitik"},"content":{"rendered":"<h1 class=\"entry-title\">Persondataforordningen og EU\u2019s Databeskyttelsesreform<\/h1>\n<h1 class=\"entry-title\">GDPR \u2013 General Data Protection Regulation<\/h1>\n<p>GDPR er det navn, som mange i det daglige bruger om de nye regler for persondata. Is\u00e6r i tiden op til d. 25. maj 2018, hvor Persondataloven blev afl\u00f8st af Persondataforordningen<\/p>\n<p>Altiv Samv\u00e6r har siden 24. maj 2018 haft en privatlivspolitik &#8211; med henblik p\u00e5 at leve op lovgivningen om beskyttelse af dine personoplysninger.<\/p>\n<p>Det fremg\u00e5r<\/p>\n<ul>\n<li>hvilke oplysninger vi beder om for at blive registret som medlem<\/li>\n<li>hvordan oplysningerne opbevares<\/li>\n<li>hvem der er dataansvarlig<\/li>\n<\/ul>\n<p><strong>Tilf\u00f8jelse vedr. tilmeldingslister 13. juli 2022:<\/strong><\/p>\n<p>Bestyrelsen har besluttet, at g\u00f8re tilmeldingslisten synlig til de enkelte arrangementer.<br \/>\nTilmelding kan som hidtil ske, ved et arrangement, telefonisk eller online. Online tilmeldingerne bliver registreret via et system (Google Analyse), hvor svarene havner i et regneark p\u00e5 Google drev. Med virkning fra 15. juli 2022 vil vi g\u00f8re adgangen til at se oplysningerne delvis \u00e5bne.<\/p>\n<p>Form\u00e5let er at \u00f8ge\u00a0mulighederne for samk\u00f8rsel &#8211; medlemmerne kan se hvem der ogs\u00e5 er tilmeldt.\u00a0Endvidere har vi oplevet en del dobbelt tilmeldinger &#8211; det undg\u00e5r vi, n\u00e5r man selv kan se om man er tilmeldt. Tilmeldinger ved arrangementer og telefon vil ogs\u00e5 blive vist p\u00e5 listen &#8211; det sker manuelt, s\u00e5 lidt t\u00e5lmodighed m\u00e5 accepteres.<\/p>\n<p>Ved en online tilmelding beder vi om\u00a0 e-mail-adresse, navn, antal, adresse og tlf. nr.\u00a0 og der er et \u00e5bent felt til evt. bem\u00e6rkninger.\u00a0 Felterne e-mail, navn og antal skal udfyldes. De \u00f8vrige felter er frivillige &#8211; vi ser dog gerne de udfyldes &#8211; is\u00e6r adressen, da vort medlemskartotek er i adresse-orden.<\/p>\n<p>Tilmeldingslisten bliver synlig via et link p\u00e5 vor hjemmeside. Alle kan via linket se:\u00a0 Navn og antal. Hvis du indberetter adresse, tlf. og skriver bem\u00e6rkninger vil de kunne ses.<\/p>\n<p><a href=\"https:\/\/drive.google.com\/file\/d\/1jIpiYL-KR-UqFXPAfOCJnyJFFEIcVg3f\/view?usp=sharing\">L\u00e6s vor privatlivspolitik her<\/a><\/p>\n","protected":false},"excerpt":{"rendered":"<p>Persondataforordningen og EU\u2019s Databeskyttelsesreform GDPR \u2013 General Data Protection Regulation GDPR er det navn, som mange i det daglige bruger om de nye regler for persondata. Is\u00e6r i tiden op til d. 25. maj 2018, hvor Persondataloven blev afl\u00f8st af Persondataforordningen Altiv Samv\u00e6r har siden 24. maj 2018 haft en privatlivspolitik &#8211; med henblik p\u00e5 [&hellip;]<\/p>\n","protected":false},"author":3,"featured_media":0,"parent":0,"menu_order":0,"comment_status":"closed","ping_status":"closed","template":"","meta":{"footnotes":""},"class_list":["post-60456","page","type-page","status-publish","hentry","post"],"_links":{"self":[{"href":"https:\/\/snejbjergsgi.dk\/aktiv-samvaer\/wp-json\/wp\/v2\/pages\/60456","targetHints":{"allow":["GET"]}}],"collection":[{"href":"https:\/\/snejbjergsgi.dk\/aktiv-samvaer\/wp-json\/wp\/v2\/pages"}],"about":[{"href":"https:\/\/snejbjergsgi.dk\/aktiv-samvaer\/wp-json\/wp\/v2\/types\/page"}],"author":[{"embeddable":true,"href":"https:\/\/snejbjergsgi.dk\/aktiv-samvaer\/wp-json\/wp\/v2\/users\/3"}],"replies":[{"embeddable":true,"href":"https:\/\/snejbjergsgi.dk\/aktiv-samvaer\/wp-json\/wp\/v2\/comments?post=60456"}],"version-history":[{"count":4,"href":"https:\/\/snejbjergsgi.dk\/aktiv-samvaer\/wp-json\/wp\/v2\/pages\/60456\/revisions"}],"predecessor-version":[{"id":61067,"href":"https:\/\/snejbjergsgi.dk\/aktiv-samvaer\/wp-json\/wp\/v2\/pages\/60456\/revisions\/61067"}],"wp:attachment":[{"href":"https:\/\/snejbjergsgi.dk\/aktiv-samvaer\/wp-json\/wp\/v2\/media?parent=60456"}],"curies":[{"name":"wp","href":"https:\/\/api.w.org\/{rel}","templated":true}]}}

<h1 class="entry-title">Persondataforordningen og EU’s Databeskyttelsesreform</h1>
<h1 class="entry-title">GDPR – General Data Protection Regulation</h1>
<p>GDPR er det navn, som mange i det daglige bruger om de nye regler for persondata. Især i tiden op til d. 25. maj 2018, hvor Persondataloven blev afløst af Persondataforordningen</p>
<p>Altiv Samvær har siden 24. maj 2018 haft en privatlivspolitik &#8211; med henblik på at leve op lovgivningen om beskyttelse af dine personoplysninger.</p>
<p>Det fremgår</p>
<ul>
<li>hvilke oplysninger vi beder om for at blive registret som medlem</li>
<li>hvordan oplysningerne opbevares</li>
<li>hvem der er dataansvarlig</li>
</ul>
<p><strong>Tilføjelse vedr. tilmeldingslister 13. juli 2022:</strong></p>
<p>Bestyrelsen har besluttet, at gøre tilmeldingslisten synlig til de enkelte arrangementer.<br />
Tilmelding kan som hidtil ske, ved et arrangement, telefonisk eller online. Online tilmeldingerne bliver registreret via et system (Google Analyse), hvor svarene havner i et regneark på Google drev. Med virkning fra 15. juli 2022 vil vi gøre adgangen til at se oplysningerne delvis åbne.</p>
<p>Formålet er at øge mulighederne for samkørsel &#8211; medlemmerne kan se hvem der også er tilmeldt. Endvidere har vi oplevet en del dobbelt tilmeldinger &#8211; det undgår vi, når man selv kan se om man er tilmeldt. Tilmeldinger ved arrangementer og telefon vil også blive vist på listen &#8211; det sker manuelt, så lidt tålmodighed må accepteres.</p>
<p>Ved en online tilmelding beder vi om  e-mail-adresse, navn, antal, adresse og tlf. nr.  og der er et åbent felt til evt. bemærkninger.  Felterne e-mail, navn og antal skal udfyldes. De øvrige felter er frivillige &#8211; vi ser dog gerne de udfyldes &#8211; især adressen, da vort medlemskartotek er i adresse-orden.</p>
<p>Tilmeldingslisten bliver synlig via et link på vor hjemmeside. Alle kan via linket se:  Navn og antal. Hvis du indberetter adresse, tlf. og skriver bemærkninger vil de kunne ses.</p>
<p><a href="https://drive.google.com/file/d/1jIpiYL-KR-UqFXPAfOCJnyJFFEIcVg3f/view?usp=sharing">Læs vor privatlivspolitik her</a></p>

<p>Persondataforordningen og EU’s Databeskyttelsesreform GDPR – General Data Protection Regulation GDPR er det navn, som mange i det daglige bruger om de nye regler for persondata. Især i tiden op til d. 25. maj 2018, hvor Persondataloven blev afløst af Persondataforordningen Altiv Samvær har siden 24. maj 2018 haft en privatlivspolitik &#8211; med henblik på [&hellip;]</p>
