{"id":36,"date":"2018-04-18T21:47:10","date_gmt":"2018-04-18T21:47:10","guid":{"rendered":"http:\/\/2018.snejbjergsgi.dk\/aktiv-samvaer\/?page_id=36"},"modified":"2025-12-22T14:08:23","modified_gmt":"2025-12-22T13:08:23","slug":"info-til-medlemmer","status":"publish","type":"page","link":"https:\/\/snejbjergsgi.dk\/aktiv-samvaer\/praktisk-info\/info-til-medlemmer\/","title":{"rendered":"Info til medlemmer"},"content":{"rendered":"<p>Vi tilbyder 8 medlemsarrangementer om \u00e5ret &#8211; der er tilmelding til alle arrangementer.<\/p>\n<p>Vort kontingent er 75 kr. pr. person pr. \u00e5r. Herudover kan der v\u00e6re fastsat en pris for det enkelte arrangement. Bem\u00e6rk efter tilmeldingsfristens udl\u00f8b er tilmeldingen bindende dvs. evt. deltagerbetaling skal betales.<\/p>\n<p>Hvis du ikke er medlem kan du sende os dine kontakt oplysninger <a href=\"https:\/\/docs.google.com\/forms\/d\/e\/1FAIpQLSdQSYQR7H5yVoWTBZ1iEWlBkJ8UUcd0_ykJGBzcLG4N1CmEyQ\/viewform\">online her<\/a> s\u00e5 kontakter vi dig.<\/p>\n<p>Tilmelding kan ske ved et arrangement, online eller telefonisk. Tilmelding til f\u00f8rste og andet arrangement kan tidligst ske d. 15. juli kl. 08:00. Tilmelding i \u00f8vrigt se programmet side 2.<\/p>\n<p>Vi har oprettet en mailliste s\u00e5 vi har mulighed for at sende informationer direkte &#8211; hvis du er interesseret s\u00e5 tilmeld dig via <a href=\"http:\/\/168.119.69.83\/~ssgi\/aktiv-samvaer\/nyhedsbrev\/\">dette link <\/a><\/p>\n<p>Vi har efter den nye lovgivning lavet en persondatapolitik som kan l\u00e6ses her <a href=\"https:\/\/drive.google.com\/file\/d\/1jIpiYL-KR-UqFXPAfOCJnyJFFEIcVg3f\/view?usp=sharing\">Aktiv Samv\u00e6r persondatapolitik<\/a><br \/>\nAktiv Samv\u00e6rs bankforbindelse er AL Sydbank &#8211; foreningskontoen er:\u00a0 <strong>7608\u00a0 1728 636<\/strong><\/p>\n<p>Vi har endvidere en MobilePay konto: <strong>17558\u00a0 \u00a0<\/strong>(hver overf\u00f8rsel koster foreningen\u00a0 0,99% i gebyr) ligesom det er muligt at betale kontant ved et arrangement.<\/p>\n<p>Vi er en gruppe tilknyttet Snejbjerg SG&amp;I\u00a0 <a href=\"http:\/\/168.119.69.83\/~ssgi\/praktisk-info\/vedtaegter\/\">se vedt\u00e6gterne<\/a><\/p>\n","protected":false},"excerpt":{"rendered":"<p>Vi tilbyder 8 medlemsarrangementer om \u00e5ret &#8211; der er tilmelding til alle arrangementer. Vort kontingent er 75 kr. pr. person pr. \u00e5r. Herudover kan der v\u00e6re fastsat en pris for det enkelte arrangement. Bem\u00e6rk efter tilmeldingsfristens udl\u00f8b er tilmeldingen bindende dvs. evt. deltagerbetaling skal betales. Hvis du ikke er medlem kan du sende os dine [&hellip;]<\/p>\n","protected":false},"author":1,"featured_media":0,"parent":31,"menu_order":0,"comment_status":"closed","ping_status":"closed","template":"","meta":{"footnotes":""},"class_list":["post-36","page","type-page","status-publish","hentry","post"],"_links":{"self":[{"href":"https:\/\/snejbjergsgi.dk\/aktiv-samvaer\/wp-json\/wp\/v2\/pages\/36","targetHints":{"allow":["GET"]}}],"collection":[{"href":"https:\/\/snejbjergsgi.dk\/aktiv-samvaer\/wp-json\/wp\/v2\/pages"}],"about":[{"href":"https:\/\/snejbjergsgi.dk\/aktiv-samvaer\/wp-json\/wp\/v2\/types\/page"}],"author":[{"embeddable":true,"href":"https:\/\/snejbjergsgi.dk\/aktiv-samvaer\/wp-json\/wp\/v2\/users\/1"}],"replies":[{"embeddable":true,"href":"https:\/\/snejbjergsgi.dk\/aktiv-samvaer\/wp-json\/wp\/v2\/comments?post=36"}],"version-history":[{"count":30,"href":"https:\/\/snejbjergsgi.dk\/aktiv-samvaer\/wp-json\/wp\/v2\/pages\/36\/revisions"}],"predecessor-version":[{"id":62012,"href":"https:\/\/snejbjergsgi.dk\/aktiv-samvaer\/wp-json\/wp\/v2\/pages\/36\/revisions\/62012"}],"up":[{"embeddable":true,"href":"https:\/\/snejbjergsgi.dk\/aktiv-samvaer\/wp-json\/wp\/v2\/pages\/31"}],"wp:attachment":[{"href":"https:\/\/snejbjergsgi.dk\/aktiv-samvaer\/wp-json\/wp\/v2\/media?parent=36"}],"curies":[{"name":"wp","href":"https:\/\/api.w.org\/{rel}","templated":true}]}}