{"id":31,"date":"2018-04-18T21:45:48","date_gmt":"2018-04-18T21:45:48","guid":{"rendered":"http:\/\/2018.snejbjergsgi.dk\/aktiv-samvaer\/?page_id=31"},"modified":"2024-01-24T14:25:25","modified_gmt":"2024-01-24T13:25:25","slug":"praktisk-info","status":"publish","type":"page","link":"https:\/\/snejbjergsgi.dk\/aktiv-samvaer\/praktisk-info\/","title":{"rendered":"Praktisk info"},"content":{"rendered":"<p>Programmet for s\u00e6son\u00a0 202\/2024 er er afsluttet og programmet trykt.\u00a0 Tryk p\u00e5 billedet af programmet &#8211; s\u00e5 kan du l\u00e6se det.<\/p>\n<p>Bestyrelsen har kontaktet medlemmerne\u00a0 med henblik p\u00e5 fornyelse af medlemskabet.<\/p>\n<p><a href=\"https:\/\/drive.google.com\/file\/d\/18QlvbpGu9biUipt4MoL6ILS1kIw17MuM\/view?usp=sharing\"><img loading=\"lazy\" decoding=\"async\" class=\" wp-image-61386 aligncenter\" src=\"https:\/\/snejbjergsgi.dk\/aktiv-samvaer\/wp-content\/uploads\/sites\/2\/2023\/07\/Aktiv-samvaer-Program-2023-24--203x300.jpg\" alt=\"\" width=\"136\" height=\"201\" srcset=\"https:\/\/snejbjergsgi.dk\/aktiv-samvaer\/wp-content\/uploads\/sites\/2\/2023\/07\/Aktiv-samvaer-Program-2023-24--203x300.jpg 203w, https:\/\/snejbjergsgi.dk\/aktiv-samvaer\/wp-content\/uploads\/sites\/2\/2023\/07\/Aktiv-samvaer-Program-2023-24--693x1024.jpg 693w, https:\/\/snejbjergsgi.dk\/aktiv-samvaer\/wp-content\/uploads\/sites\/2\/2023\/07\/Aktiv-samvaer-Program-2023-24-.jpg 735w\" sizes=\"auto, (max-width: 136px) 100vw, 136px\" \/><\/a>Vi h\u00f8rer gerne fra medlemmer om forslag til arrangementer &#8211; du kan i \u00f8vrigt se en oversigt over tidligere aktiviteter <a href=\"https:\/\/snejbjergsgi.dk\/aktiv-samvaer\/aktivitetsoversigt\/\">her\u00a0<\/a><\/p>\n<p>Bem\u00e6rk s\u00f8gefuntionen som hurtigt kan give dig overblik<\/p>\n<p>Vi har efter den nye lovgivning lavet en persondatapolitik, som kan l\u00e6ses her <a href=\"https:\/\/drive.google.com\/file\/d\/1jIpiYL-KR-UqFXPAfOCJnyJFFEIcVg3f\/view?usp=sharing\">Aktiv Samv\u00e6r persondatapolitik\u00a0<\/a>\u00a0 linket downloader en doc-fil som du s\u00e5 kan \u00e5bne<\/p>\n","protected":false},"excerpt":{"rendered":"<p>Programmet for s\u00e6son\u00a0 202\/2024 er er afsluttet og programmet trykt.\u00a0 Tryk p\u00e5 billedet af programmet &#8211; s\u00e5 kan du l\u00e6se det. Bestyrelsen har kontaktet medlemmerne\u00a0 med henblik p\u00e5 fornyelse af medlemskabet. Vi h\u00f8rer gerne fra medlemmer om forslag til arrangementer &#8211; du kan i \u00f8vrigt se en oversigt over tidligere aktiviteter her\u00a0 Bem\u00e6rk s\u00f8gefuntionen som [&hellip;]<\/p>\n","protected":false},"author":1,"featured_media":0,"parent":0,"menu_order":0,"comment_status":"closed","ping_status":"closed","template":"","meta":{"footnotes":""},"class_list":["post-31","page","type-page","status-publish","hentry","post"],"_links":{"self":[{"href":"https:\/\/snejbjergsgi.dk\/aktiv-samvaer\/wp-json\/wp\/v2\/pages\/31","targetHints":{"allow":["GET"]}}],"collection":[{"href":"https:\/\/snejbjergsgi.dk\/aktiv-samvaer\/wp-json\/wp\/v2\/pages"}],"about":[{"href":"https:\/\/snejbjergsgi.dk\/aktiv-samvaer\/wp-json\/wp\/v2\/types\/page"}],"author":[{"embeddable":true,"href":"https:\/\/snejbjergsgi.dk\/aktiv-samvaer\/wp-json\/wp\/v2\/users\/1"}],"replies":[{"embeddable":true,"href":"https:\/\/snejbjergsgi.dk\/aktiv-samvaer\/wp-json\/wp\/v2\/comments?post=31"}],"version-history":[{"count":16,"href":"https:\/\/snejbjergsgi.dk\/aktiv-samvaer\/wp-json\/wp\/v2\/pages\/31\/revisions"}],"predecessor-version":[{"id":61529,"href":"https:\/\/snejbjergsgi.dk\/aktiv-samvaer\/wp-json\/wp\/v2\/pages\/31\/revisions\/61529"}],"wp:attachment":[{"href":"https:\/\/snejbjergsgi.dk\/aktiv-samvaer\/wp-json\/wp\/v2\/media?parent=31"}],"curies":[{"name":"wp","href":"https:\/\/api.w.org\/{rel}","templated":true}]}}

<p>Programmet for sæson  202/2024 er er afsluttet og programmet trykt.  Tryk på billedet af programmet &#8211; så kan du læse det.</p>
<p>Bestyrelsen har kontaktet medlemmerne  med henblik på fornyelse af medlemskabet.</p>
<p><a href="https://drive.google.com/file/d/18QlvbpGu9biUipt4MoL6ILS1kIw17MuM/view?usp=sharing"><img loading="lazy" decoding="async" class=" wp-image-61386 aligncenter" src="https://snejbjergsgi.dk/aktiv-samvaer/wp-content/uploads/sites/2/2023/07/Aktiv-samvaer-Program-2023-24--203x300.jpg" alt="" width="136" height="201" srcset="https://snejbjergsgi.dk/aktiv-samvaer/wp-content/uploads/sites/2/2023/07/Aktiv-samvaer-Program-2023-24--203x300.jpg 203w, https://snejbjergsgi.dk/aktiv-samvaer/wp-content/uploads/sites/2/2023/07/Aktiv-samvaer-Program-2023-24--693x1024.jpg 693w, https://snejbjergsgi.dk/aktiv-samvaer/wp-content/uploads/sites/2/2023/07/Aktiv-samvaer-Program-2023-24-.jpg 735w" sizes="auto, (max-width: 136px) 100vw, 136px" /></a>Vi hører gerne fra medlemmer om forslag til arrangementer &#8211; du kan i øvrigt se en oversigt over tidligere aktiviteter <a href="https://snejbjergsgi.dk/aktiv-samvaer/aktivitetsoversigt/">her </a></p>
<p>Bemærk søgefuntionen som hurtigt kan give dig overblik</p>
<p>Vi har efter den nye lovgivning lavet en persondatapolitik, som kan læses her <a href="https://drive.google.com/file/d/1jIpiYL-KR-UqFXPAfOCJnyJFFEIcVg3f/view?usp=sharing">Aktiv Samvær persondatapolitik </a>  linket downloader en doc-fil som du så kan åbne</p>

<p>Programmet for sæson  202/2024 er er afsluttet og programmet trykt.  Tryk på billedet af programmet &#8211; så kan du læse det. Bestyrelsen har kontaktet medlemmerne  med henblik på fornyelse af medlemskabet. Vi hører gerne fra medlemmer om forslag til arrangementer &#8211; du kan i øvrigt se en oversigt over tidligere aktiviteter her  Bemærk søgefuntionen som [&hellip;]</p>
